{"id":11773,"date":"2022-07-27T08:55:13","date_gmt":"2022-07-27T06:55:13","guid":{"rendered":"https:\/\/amatech.com.pl\/sklep\/czesci-zamienne\/zaslepka-redlica-stopkowa-iv-3-78\/"},"modified":"2026-04-28T14:56:00","modified_gmt":"2026-04-28T12:56:00","slug":"zaslepka-redlica-stopkowa-iv-3-78","status":"publish","type":"product","link":"https:\/\/amatech.com.pl\/sklep\/czesci-zamienne\/zaslepka-redlica-stopkowa-iv-3-78\/","title":{"rendered":"ZA\u015aLEPKA REDLICA STOPKOWA   IV-3-7,8   V-5-4"},"content":{"rendered":"<p><span style=\"font-size:14px\"><span style=\"font-style:normal\"><span><span><span><span><span style=\"font-weight:400\"><span><span style=\"line-height:inherit\"><span style=\"font-family:Arial, Tahoma, Verdana, sans-serif\"><span style=\"vertical-align:baseline\"><span><span><span style=\"color:#0e0e0e\"><span style=\"letter-spacing:normal\"><span><span style=\"text-transform:none\"><span><span><span><span style=\"background-color:#ffffff\"><span><span><span><font face=\"Arial\"><font size=\"4\"><font style=\"margin: 0px;padding: 0px;border: 0px;font: inherit;vertical-align: baseline\">Pasuje do siewnik\u00f3w zbo&#380;owych&nbsp;<strong style=\"margin:0px;padding:0px;border:0px;font-style:inherit;font-variant:inherit;font-weight:bold;font-size:inherit;line-height:inherit;font-family:inherit;vertical-align:baseline\">Amazone<\/strong><\/font><\/font><\/font><\/span><\/span><\/span><\/span><\/span><\/span><\/span><\/span><\/span><\/span><\/span><\/span><\/span><\/span><\/span><\/span><\/span><\/span><\/span><\/span><\/span><\/span><\/span><\/span><br \/><span style=\"font-size:14px\"><span style=\"font-style:normal\"><span><span><span><span><span style=\"font-weight:400\"><span><span style=\"line-height:inherit\"><span style=\"font-family:Arial, Tahoma, Verdana, sans-serif\"><span style=\"vertical-align:baseline\"><span><span><span style=\"color:#0e0e0e\"><span style=\"letter-spacing:normal\"><span><span style=\"text-transform:none\"><span><span><span><span style=\"background-color:#ffffff\"><span><span><span><font face=\"Arial\"><font size=\"4\"><font style=\"margin: 0px;padding: 0px;border: 0px;font: inherit;vertical-align: baseline\">D8-45 Super, D8-60 Super (MH201)<\/font><\/font><\/font><\/span><\/span><\/span><\/span><\/span><\/span><\/span><\/span><\/span><\/span><\/span><\/span><\/span><\/span><\/span><\/span><\/span><\/span><\/span><\/span><\/span><\/span><\/span><\/span><br \/><span style=\"font-size:14px\"><span style=\"font-style:normal\"><span><span><span><span><span style=\"font-weight:400\"><span><span style=\"line-height:inherit\"><span style=\"font-family:Arial, Tahoma, Verdana, sans-serif\"><span style=\"vertical-align:baseline\"><span><span><span style=\"color:#0e0e0e\"><span style=\"letter-spacing:normal\"><span><span style=\"text-transform:none\"><span><span><span><span style=\"background-color:#ffffff\"><span><span><span><font face=\"Arial\"><font size=\"4\"><font style=\"margin: 0px;padding: 0px;border: 0px;font: inherit;vertical-align: baseline\">D8-30\/-40ER,D8-30\/-40\/-48\/-60EN (MH008)<\/font><\/font><\/font><\/span><\/span><\/span><\/span><\/span><\/span><\/span><\/span><\/span><\/span><\/span><\/span><\/span><\/span><\/span><\/span><\/span><\/span><\/span><\/span><\/span><\/span><\/span><\/span><br \/><span style=\"font-size:14px\"><span style=\"font-style:normal\"><span><span><span><span><span style=\"font-weight:400\"><span><span style=\"line-height:inherit\"><span style=\"font-family:Arial, Tahoma, Verdana, sans-serif\"><span style=\"vertical-align:baseline\"><span><span><span style=\"color:#0e0e0e\"><span style=\"letter-spacing:normal\"><span><span style=\"text-transform:none\"><span><span><span><span style=\"background-color:#ffffff\"><span><span><span><font face=\"Arial\"><font size=\"4\"><font style=\"margin: 0px;padding: 0px;border: 0px;font: inherit;vertical-align: baseline\">D8 Super\/Special D8-25-30-40 Super\/D8-20-25-30 Special (MH050)<\/font><\/font><\/font><\/span><\/span><\/span><\/span><\/span><\/span><\/span><\/span><\/span><\/span><\/span><\/span><\/span><\/span><\/span><\/span><\/span><\/span><\/span><\/span><\/span><\/span><\/span><\/span><br \/><span style=\"font-size:14px\"><span style=\"font-style:normal\"><span><span><span><span><span style=\"font-weight:400\"><span><span style=\"line-height:inherit\"><span style=\"font-family:Arial, Tahoma, Verdana, sans-serif\"><span style=\"vertical-align:baseline\"><span><span><span style=\"color:#0e0e0e\"><span style=\"letter-spacing:normal\"><span><span style=\"text-transform:none\"><span><span><span><span style=\"background-color:#ffffff\"><span><span><span><font face=\"Arial\"><font size=\"4\"><font style=\"margin: 0px;padding: 0px;border: 0px;font: inherit;vertical-align: baseline\">D8-25-30-40 Super\/D8-20-25-30 Special (MH050)<\/font><\/font><\/font><\/span><\/span><\/span><\/span><\/span><\/span><\/span><\/span><\/span><\/span><\/span><\/span><\/span><\/span><\/span><\/span><\/span><\/span><\/span><\/span><\/span><\/span><\/span><\/span><br \/><span style=\"font-size:14px\"><span style=\"font-style:normal\"><span><span><span><span><span style=\"font-weight:400\"><span><span style=\"line-height:inherit\"><span style=\"font-family:Arial, Tahoma, Verdana, sans-serif\"><span style=\"vertical-align:baseline\"><span><span><span style=\"color:#0e0e0e\"><span style=\"letter-spacing:normal\"><span><span style=\"text-transform:none\"><span><span><span><span style=\"background-color:#ffffff\"><span><span><span><font face=\"Arial\"><font size=\"4\"><font style=\"margin: 0px;padding: 0px;border: 0px;font: inherit;vertical-align: baseline\">RPD\/AD8 251,301,401 (MH009)<\/font><\/font><\/font><\/span><\/span><\/span><\/span><\/span><\/span><\/span><\/span><\/span><\/span><\/span><\/span><\/span><\/span><\/span><\/span><\/span><\/span><\/span><\/span><\/span><\/span><\/span><\/span><br \/><span style=\"font-size:14px\"><span style=\"font-style:normal\"><span><span><span><span><span style=\"font-weight:400\"><span><span style=\"line-height:inherit\"><span style=\"font-family:Arial, Tahoma, Verdana, sans-serif\"><span style=\"vertical-align:baseline\"><span><span><span style=\"color:#0e0e0e\"><span style=\"letter-spacing:normal\"><span><span style=\"text-transform:none\"><span><span><span><span style=\"background-color:#ffffff\"><span><span><span><font face=\"Arial\"><font size=\"4\"><font style=\"margin: 0px;padding: 0px;border: 0px;font: inherit;vertical-align: baseline\">AD 251\/301 Special (MH015)<\/font><\/font><\/font><\/span><\/span><\/span><\/span><\/span><\/span><\/span><\/span><\/span><\/span><\/span><\/span><\/span><\/span><\/span><\/span><\/span><\/span><\/span><\/span><\/span><\/span><\/span><\/span><br \/><span style=\"font-size:14px\"><span style=\"font-style:normal\"><span><span><span><span><span style=\"font-weight:400\"><span><span style=\"line-height:inherit\"><span style=\"font-family:Arial, Tahoma, Verdana, sans-serif\"><span style=\"vertical-align:baseline\"><span><span><span style=\"color:#0e0e0e\"><span style=\"letter-spacing:normal\"><span><span style=\"text-transform:none\"><span><span><span><span style=\"background-color:#ffffff\"><span><span><span><font face=\"Arial\"><font size=\"4\"><font style=\"margin: 0px;padding: 0px;border: 0px;font: inherit;vertical-align: baseline\">Airstar Avant FRS\/FPS\/AS (MH250)<\/font><\/font><\/font><\/span><\/span><\/span><\/span><\/span><\/span><\/span><\/span><\/span><\/span><\/span><\/span><\/span><\/span><\/span><\/span><\/span><\/span><\/span><\/span><\/span><\/span><\/span><\/span><br \/><span style=\"font-size:14px\"><span style=\"font-style:normal\"><span><span><span><span><span style=\"font-weight:400\"><span><span style=\"line-height:inherit\"><span style=\"font-family:Arial, Tahoma, Verdana, sans-serif\"><span style=\"vertical-align:baseline\"><span><span><span style=\"color:#0e0e0e\"><span style=\"letter-spacing:normal\"><span><span style=\"text-transform:none\"><span><span><span><span style=\"background-color:#ffffff\"><span><span><span><font face=\"Arial\"><font size=\"4\"><font style=\"margin: 0px;padding: 0px;border: 0px;font: inherit;vertical-align: baseline\">Airstar Profi (AD-P2) (MH241)<\/font><\/font><\/font><\/span><\/span><\/span><\/span><\/span><\/span><\/span><\/span><\/span><\/span><\/span><\/span><\/span><\/span><\/span><\/span><\/span><\/span><\/span><\/span><\/span><\/span><\/span><\/span><br \/><span style=\"font-size:14px\"><span style=\"font-style:normal\"><span><span><span><span><span style=\"font-weight:400\"><span><span style=\"line-height:inherit\"><span style=\"font-family:Arial, Tahoma, Verdana, sans-serif\"><span style=\"vertical-align:baseline\"><span><span><span style=\"color:#0e0e0e\"><span style=\"letter-spacing:normal\"><span><span style=\"text-transform:none\"><span><span><span><span style=\"background-color:#ffffff\"><span><span><span><font face=\"Arial\"><font size=\"4\"><font style=\"margin: 0px;padding: 0px;border: 0px;font: inherit;vertical-align: baseline\">Airstar Xpress (MH307)<\/font><\/font><\/font><\/span><\/span><\/span><\/span><\/span><\/span><\/span><\/span><\/span><\/span><\/span><\/span><\/span><\/span><\/span><\/span><\/span><\/span><\/span><\/span><\/span><\/span><\/span><\/span><\/p>\n","protected":false},"excerpt":{"rendered":"<p>Pasuje do siewnik\u00f3w zbo&#380;owych&nbsp;AmazoneD8-45 Super, D8-60 Super (MH201)D8-30\/-40ER,D8-30\/-40\/-48\/-60EN (MH008)D8 Super\/Special D8-25-30-40 Super\/D8-20-25-30 Special (MH050)D8-25-30-40 Super\/D8-20-25-30 Special (MH050)RPD\/AD8 251,301,401 (MH009)AD 251\/301 Special (MH015)Airstar Avant FRS\/FPS\/AS (MH250)Airstar Profi (AD-P2) (MH241)Airstar Xpress (MH307)<\/p>\n","protected":false},"featured_media":15535,"template":"","meta":{"_kad_post_transparent":"default","_kad_post_title":"","_kad_post_layout":"default","_kad_post_sidebar_id":"","_kad_post_content_style":"default","_kad_post_vertical_padding":"default","_kad_post_feature":"","_kad_post_feature_position":"","_kad_post_header":false,"_kad_post_footer":false},"product_cat":[324,274,289,275],"product_tag":[],"class_list":{"0":"post-11773","1":"product","2":"type-product","3":"status-publish","4":"has-post-thumbnail","6":"product_cat-amazone-zbozowe","7":"product_cat-siewniki","8":"product_cat-sklep-internetowy","9":"product_cat-zbozowe","11":"first","12":"outofstock","13":"taxable","14":"shipping-taxable","15":"purchasable","16":"product-type-simple","17":"entry","18":"content-bg","19":"loop-entry"},"yoast_head":"<!-- This site is optimized with the Yoast SEO plugin v24.9 - https:\/\/yoast.com\/wordpress\/plugins\/seo\/ -->\n<title>ZA\u015aLEPKA REDLICA STOPKOWA  IV-3-7,8  V-5-4 - AMATECH - Maszyny rolnicze, cz\u0119\u015bci zamienne, serwis<\/title>\n<meta name=\"robots\" content=\"index, follow, max-snippet:-1, max-image-preview:large, max-video-preview:-1\" \/>\n<link rel=\"canonical\" href=\"https:\/\/amatech.com.pl\/sklep\/czesci-zamienne\/zaslepka-redlica-stopkowa-iv-3-78\/\" \/>\n<meta property=\"og:locale\" content=\"pl_PL\" \/>\n<meta property=\"og:type\" content=\"article\" \/>\n<meta property=\"og:title\" content=\"ZA\u015aLEPKA REDLICA STOPKOWA  IV-3-7,8  V-5-4 - AMATECH - Maszyny rolnicze, cz\u0119\u015bci zamienne, serwis\" \/>\n<meta property=\"og:description\" content=\"Pasuje do siewnik\u00f3w zbo&#380;owych&nbsp;AmazoneD8-45 Super, D8-60 Super (MH201)D8-30\/-40ER,D8-30\/-40\/-48\/-60EN (MH008)D8 Super\/Special D8-25-30-40 Super\/D8-20-25-30 Special (MH050)D8-25-30-40 Super\/D8-20-25-30 Special (MH050)RPD\/AD8 251,301,401 (MH009)AD 251\/301 Special (MH015)Airstar Avant FRS\/FPS\/AS (MH250)Airstar Profi (AD-P2) (MH241)Airstar Xpress (MH307)\" \/>\n<meta property=\"og:url\" content=\"https:\/\/amatech.com.pl\/sklep\/czesci-zamienne\/zaslepka-redlica-stopkowa-iv-3-78\/\" \/>\n<meta property=\"og:site_name\" content=\"AMATECH - Maszyny rolnicze, cz\u0119\u015bci zamienne, serwis\" \/>\n<meta property=\"article:publisher\" content=\"https:\/\/www.facebook.com\/amatech.poznanski\/\" \/>\n<meta property=\"article:modified_time\" content=\"2026-04-28T12:56:00+00:00\" \/>\n<meta property=\"og:image\" content=\"https:\/\/amatech.com.pl\/sklep\/wp-content\/uploads\/2023\/11\/ZASLEPKA-REDLICA-STOPKOWA-IV-3-78-V-5-4.jpg\" \/>\n\t<meta property=\"og:image:width\" content=\"640\" \/>\n\t<meta property=\"og:image:height\" content=\"384\" \/>\n\t<meta property=\"og:image:type\" content=\"image\/jpeg\" \/>\n<meta name=\"twitter:card\" content=\"summary_large_image\" \/>\n<meta name=\"twitter:label1\" content=\"Szacowany czas czytania\" \/>\n\t<meta name=\"twitter:data1\" content=\"1 minuta\" \/>\n<script type=\"application\/ld+json\" class=\"yoast-schema-graph\">{\"@context\":\"https:\/\/schema.org\",\"@graph\":[{\"@type\":\"WebPage\",\"@id\":\"https:\/\/amatech.com.pl\/sklep\/czesci-zamienne\/zaslepka-redlica-stopkowa-iv-3-78\/\",\"url\":\"https:\/\/amatech.com.pl\/sklep\/czesci-zamienne\/zaslepka-redlica-stopkowa-iv-3-78\/\",\"name\":\"ZA\u015aLEPKA REDLICA STOPKOWA IV-3-7,8 V-5-4 - AMATECH - Maszyny rolnicze, cz\u0119\u015bci zamienne, serwis\",\"isPartOf\":{\"@id\":\"https:\/\/amatech.com.pl\/sklep\/#website\"},\"primaryImageOfPage\":{\"@id\":\"https:\/\/amatech.com.pl\/sklep\/czesci-zamienne\/zaslepka-redlica-stopkowa-iv-3-78\/#primaryimage\"},\"image\":{\"@id\":\"https:\/\/amatech.com.pl\/sklep\/czesci-zamienne\/zaslepka-redlica-stopkowa-iv-3-78\/#primaryimage\"},\"thumbnailUrl\":\"https:\/\/amatech.com.pl\/sklep\/wp-content\/uploads\/2023\/11\/ZASLEPKA-REDLICA-STOPKOWA-IV-3-78-V-5-4.jpg\",\"datePublished\":\"2022-07-27T06:55:13+00:00\",\"dateModified\":\"2026-04-28T12:56:00+00:00\",\"breadcrumb\":{\"@id\":\"https:\/\/amatech.com.pl\/sklep\/czesci-zamienne\/zaslepka-redlica-stopkowa-iv-3-78\/#breadcrumb\"},\"inLanguage\":\"pl-PL\",\"potentialAction\":[{\"@type\":\"ReadAction\",\"target\":[\"https:\/\/amatech.com.pl\/sklep\/czesci-zamienne\/zaslepka-redlica-stopkowa-iv-3-78\/\"]}]},{\"@type\":\"ImageObject\",\"inLanguage\":\"pl-PL\",\"@id\":\"https:\/\/amatech.com.pl\/sklep\/czesci-zamienne\/zaslepka-redlica-stopkowa-iv-3-78\/#primaryimage\",\"url\":\"https:\/\/amatech.com.pl\/sklep\/wp-content\/uploads\/2023\/11\/ZASLEPKA-REDLICA-STOPKOWA-IV-3-78-V-5-4.jpg\",\"contentUrl\":\"https:\/\/amatech.com.pl\/sklep\/wp-content\/uploads\/2023\/11\/ZASLEPKA-REDLICA-STOPKOWA-IV-3-78-V-5-4.jpg\",\"width\":640,\"height\":384,\"caption\":\"ZA\u015aLEPKA REDLICA STOPKOWA IV-3-7,8 V-5-4\"},{\"@type\":\"BreadcrumbList\",\"@id\":\"https:\/\/amatech.com.pl\/sklep\/czesci-zamienne\/zaslepka-redlica-stopkowa-iv-3-78\/#breadcrumb\",\"itemListElement\":[{\"@type\":\"ListItem\",\"position\":1,\"name\":\"Strona g\u0142\u00f3wna\",\"item\":\"https:\/\/amatech.com.pl\/sklep\/\"},{\"@type\":\"ListItem\",\"position\":2,\"name\":\"Sklep\",\"item\":\"https:\/\/amatech.com.pl\/sklep\/\"},{\"@type\":\"ListItem\",\"position\":3,\"name\":\"ZA\u015aLEPKA REDLICA STOPKOWA IV-3-7,8 V-5-4\"}]},{\"@type\":\"WebSite\",\"@id\":\"https:\/\/amatech.com.pl\/sklep\/#website\",\"url\":\"https:\/\/amatech.com.pl\/sklep\/\",\"name\":\"AMATECH - Maszyny rolnicze, cz\u0119\u015bci zamienne, serwis\",\"description\":\"AMATECH - Jaros\u0142aw Pozna\u0144ski - Zajmujemy si\u0119 sprzeda\u017c\u0105 maszyn i urz\u0105dze\u0144 rolniczych budowlanych oraz oryginalnych cz\u0119\u015bci zamiennych. Sklep on-line.\",\"publisher\":{\"@id\":\"https:\/\/amatech.com.pl\/sklep\/#organization\"},\"potentialAction\":[{\"@type\":\"SearchAction\",\"target\":{\"@type\":\"EntryPoint\",\"urlTemplate\":\"https:\/\/amatech.com.pl\/sklep\/?s={search_term_string}\"},\"query-input\":{\"@type\":\"PropertyValueSpecification\",\"valueRequired\":true,\"valueName\":\"search_term_string\"}}],\"inLanguage\":\"pl-PL\"},{\"@type\":\"Organization\",\"@id\":\"https:\/\/amatech.com.pl\/sklep\/#organization\",\"name\":\"AMATECH - Maszyny rolnicze, cz\u0119\u015bci zamienne, amazone, krone\",\"url\":\"https:\/\/amatech.com.pl\/sklep\/\",\"logo\":{\"@type\":\"ImageObject\",\"inLanguage\":\"pl-PL\",\"@id\":\"https:\/\/amatech.com.pl\/sklep\/#\/schema\/logo\/image\/\",\"url\":\"https:\/\/amatech.com.pl\/sklep\/wp-content\/uploads\/2021\/11\/amatech-logo.png\",\"contentUrl\":\"https:\/\/amatech.com.pl\/sklep\/wp-content\/uploads\/2021\/11\/amatech-logo.png\",\"width\":266,\"height\":57,\"caption\":\"AMATECH - Maszyny rolnicze, cz\u0119\u015bci zamienne, amazone, krone\"},\"image\":{\"@id\":\"https:\/\/amatech.com.pl\/sklep\/#\/schema\/logo\/image\/\"},\"sameAs\":[\"https:\/\/www.facebook.com\/amatech.poznanski\/\"]}]}<\/script>\n<!-- \/ Yoast SEO plugin. -->","yoast_head_json":{"title":"ZA\u015aLEPKA REDLICA STOPKOWA  IV-3-7,8  V-5-4 - AMATECH - Maszyny rolnicze, cz\u0119\u015bci zamienne, serwis","robots":{"index":"index","follow":"follow","max-snippet":"max-snippet:-1","max-image-preview":"max-image-preview:large","max-video-preview":"max-video-preview:-1"},"canonical":"https:\/\/amatech.com.pl\/sklep\/czesci-zamienne\/zaslepka-redlica-stopkowa-iv-3-78\/","og_locale":"pl_PL","og_type":"article","og_title":"ZA\u015aLEPKA REDLICA STOPKOWA  IV-3-7,8  V-5-4 - AMATECH - Maszyny rolnicze, cz\u0119\u015bci zamienne, serwis","og_description":"Pasuje do siewnik\u00f3w zbo&#380;owych&nbsp;AmazoneD8-45 Super, D8-60 Super (MH201)D8-30\/-40ER,D8-30\/-40\/-48\/-60EN (MH008)D8 Super\/Special D8-25-30-40 Super\/D8-20-25-30 Special (MH050)D8-25-30-40 Super\/D8-20-25-30 Special (MH050)RPD\/AD8 251,301,401 (MH009)AD 251\/301 Special (MH015)Airstar Avant FRS\/FPS\/AS (MH250)Airstar Profi (AD-P2) (MH241)Airstar Xpress (MH307)","og_url":"https:\/\/amatech.com.pl\/sklep\/czesci-zamienne\/zaslepka-redlica-stopkowa-iv-3-78\/","og_site_name":"AMATECH - Maszyny rolnicze, cz\u0119\u015bci zamienne, serwis","article_publisher":"https:\/\/www.facebook.com\/amatech.poznanski\/","article_modified_time":"2026-04-28T12:56:00+00:00","og_image":[{"width":640,"height":384,"url":"https:\/\/amatech.com.pl\/sklep\/wp-content\/uploads\/2023\/11\/ZASLEPKA-REDLICA-STOPKOWA-IV-3-78-V-5-4.jpg","type":"image\/jpeg"}],"twitter_card":"summary_large_image","twitter_misc":{"Szacowany czas czytania":"1 minuta"},"schema":{"@context":"https:\/\/schema.org","@graph":[{"@type":"WebPage","@id":"https:\/\/amatech.com.pl\/sklep\/czesci-zamienne\/zaslepka-redlica-stopkowa-iv-3-78\/","url":"https:\/\/amatech.com.pl\/sklep\/czesci-zamienne\/zaslepka-redlica-stopkowa-iv-3-78\/","name":"ZA\u015aLEPKA REDLICA STOPKOWA IV-3-7,8 V-5-4 - AMATECH - Maszyny rolnicze, cz\u0119\u015bci zamienne, serwis","isPartOf":{"@id":"https:\/\/amatech.com.pl\/sklep\/#website"},"primaryImageOfPage":{"@id":"https:\/\/amatech.com.pl\/sklep\/czesci-zamienne\/zaslepka-redlica-stopkowa-iv-3-78\/#primaryimage"},"image":{"@id":"https:\/\/amatech.com.pl\/sklep\/czesci-zamienne\/zaslepka-redlica-stopkowa-iv-3-78\/#primaryimage"},"thumbnailUrl":"https:\/\/amatech.com.pl\/sklep\/wp-content\/uploads\/2023\/11\/ZASLEPKA-REDLICA-STOPKOWA-IV-3-78-V-5-4.jpg","datePublished":"2022-07-27T06:55:13+00:00","dateModified":"2026-04-28T12:56:00+00:00","breadcrumb":{"@id":"https:\/\/amatech.com.pl\/sklep\/czesci-zamienne\/zaslepka-redlica-stopkowa-iv-3-78\/#breadcrumb"},"inLanguage":"pl-PL","potentialAction":[{"@type":"ReadAction","target":["https:\/\/amatech.com.pl\/sklep\/czesci-zamienne\/zaslepka-redlica-stopkowa-iv-3-78\/"]}]},{"@type":"ImageObject","inLanguage":"pl-PL","@id":"https:\/\/amatech.com.pl\/sklep\/czesci-zamienne\/zaslepka-redlica-stopkowa-iv-3-78\/#primaryimage","url":"https:\/\/amatech.com.pl\/sklep\/wp-content\/uploads\/2023\/11\/ZASLEPKA-REDLICA-STOPKOWA-IV-3-78-V-5-4.jpg","contentUrl":"https:\/\/amatech.com.pl\/sklep\/wp-content\/uploads\/2023\/11\/ZASLEPKA-REDLICA-STOPKOWA-IV-3-78-V-5-4.jpg","width":640,"height":384,"caption":"ZA\u015aLEPKA REDLICA STOPKOWA IV-3-7,8 V-5-4"},{"@type":"BreadcrumbList","@id":"https:\/\/amatech.com.pl\/sklep\/czesci-zamienne\/zaslepka-redlica-stopkowa-iv-3-78\/#breadcrumb","itemListElement":[{"@type":"ListItem","position":1,"name":"Strona g\u0142\u00f3wna","item":"https:\/\/amatech.com.pl\/sklep\/"},{"@type":"ListItem","position":2,"name":"Sklep","item":"https:\/\/amatech.com.pl\/sklep\/"},{"@type":"ListItem","position":3,"name":"ZA\u015aLEPKA REDLICA STOPKOWA IV-3-7,8 V-5-4"}]},{"@type":"WebSite","@id":"https:\/\/amatech.com.pl\/sklep\/#website","url":"https:\/\/amatech.com.pl\/sklep\/","name":"AMATECH - Maszyny rolnicze, cz\u0119\u015bci zamienne, serwis","description":"AMATECH - Jaros\u0142aw Pozna\u0144ski - Zajmujemy si\u0119 sprzeda\u017c\u0105 maszyn i urz\u0105dze\u0144 rolniczych budowlanych oraz oryginalnych cz\u0119\u015bci zamiennych. Sklep on-line.","publisher":{"@id":"https:\/\/amatech.com.pl\/sklep\/#organization"},"potentialAction":[{"@type":"SearchAction","target":{"@type":"EntryPoint","urlTemplate":"https:\/\/amatech.com.pl\/sklep\/?s={search_term_string}"},"query-input":{"@type":"PropertyValueSpecification","valueRequired":true,"valueName":"search_term_string"}}],"inLanguage":"pl-PL"},{"@type":"Organization","@id":"https:\/\/amatech.com.pl\/sklep\/#organization","name":"AMATECH - Maszyny rolnicze, cz\u0119\u015bci zamienne, amazone, krone","url":"https:\/\/amatech.com.pl\/sklep\/","logo":{"@type":"ImageObject","inLanguage":"pl-PL","@id":"https:\/\/amatech.com.pl\/sklep\/#\/schema\/logo\/image\/","url":"https:\/\/amatech.com.pl\/sklep\/wp-content\/uploads\/2021\/11\/amatech-logo.png","contentUrl":"https:\/\/amatech.com.pl\/sklep\/wp-content\/uploads\/2021\/11\/amatech-logo.png","width":266,"height":57,"caption":"AMATECH - Maszyny rolnicze, cz\u0119\u015bci zamienne, amazone, krone"},"image":{"@id":"https:\/\/amatech.com.pl\/sklep\/#\/schema\/logo\/image\/"},"sameAs":["https:\/\/www.facebook.com\/amatech.poznanski\/"]}]}},"_links":{"self":[{"href":"https:\/\/amatech.com.pl\/sklep\/wp-json\/wp\/v2\/product\/11773"}],"collection":[{"href":"https:\/\/amatech.com.pl\/sklep\/wp-json\/wp\/v2\/product"}],"about":[{"href":"https:\/\/amatech.com.pl\/sklep\/wp-json\/wp\/v2\/types\/product"}],"wp:featuredmedia":[{"embeddable":true,"href":"https:\/\/amatech.com.pl\/sklep\/wp-json\/wp\/v2\/media\/15535"}],"wp:attachment":[{"href":"https:\/\/amatech.com.pl\/sklep\/wp-json\/wp\/v2\/media?parent=11773"}],"wp:term":[{"taxonomy":"product_cat","embeddable":true,"href":"https:\/\/amatech.com.pl\/sklep\/wp-json\/wp\/v2\/product_cat?post=11773"},{"taxonomy":"product_tag","embeddable":true,"href":"https:\/\/amatech.com.pl\/sklep\/wp-json\/wp\/v2\/product_tag?post=11773"}],"curies":[{"name":"wp","href":"https:\/\/api.w.org\/{rel}","templated":true}]}}