{"id":13250,"date":"2023-04-04T14:56:30","date_gmt":"2023-04-04T12:56:30","guid":{"rendered":"https:\/\/amatech.com.pl\/sklep\/czesci-zamienne\/filtr-oleju-hydraulicznego-3\/"},"modified":"2026-05-06T15:01:26","modified_gmt":"2026-05-06T13:01:26","slug":"filtr-oleju-hydraulicznego-3","status":"publish","type":"product","link":"https:\/\/amatech.com.pl\/sklep\/czesci-zamienne\/filtr-oleju-hydraulicznego-3\/","title":{"rendered":"FILTR OLEJU HYDRAULICZNEGO    L2-3"},"content":{"rendered":"<h2>Filtr oleju hydrauliki New Holland T7 CASE 4814216<\/h2>\n<p>CNH<\/p>\n<p><b>Wyst&#281;puje m.in.<\/b><\/p>\n<p><\/p>\n<p><b>New Holland<\/b><\/p>\n<ul>\n<li>T7.195S, T7.215S, T7.230, T7.245, T7.260, T7.270, T7.275, T7.275 HD, T7.290, T7.290 HD, T7.315, T7.315<\/li>\n<\/ul>\n<p><\/p>\n<p><b>CASE<\/b><\/p>\n<ul>\n<li>6185 ABSOLUT 6185 CVT 6200 ABSOLUT 6200 CVT 6220 ABSOLUT 6220 CVT 6240 ABSOLUT 6240 CVT 6250, TERRUS CVT 6270, TERRUS CVT 6300, TERRUS CVT, OPTUM 250, OPTUM 250 CVX, OPTUM 270, OPTUM 270 CVX, OPTUM 300, OPTUM 300 CVX, PUMA 185, PUMA 185 CVT, PUMA 185 CVX, PUMA 200, PUMA 200 CVT, PUMA 200 CVX, PUMA 220, PUMA 220 CVT, PUMA 220 CVX, PUMA 240, PUMA 240 CVT, PUMA 240 CVX,<\/li>\n<\/ul>\n<p><\/p>\n<p><b>Dane techniczne:&nbsp;<\/b><\/p>\n<p><\/p>\n<p><b>Numery por\u00f3wnawcze:&nbsp;<\/b>48142163,&nbsp;48002169<\/p>\n<p><\/p>\n<p><b>Producent:&nbsp;<\/b>CNH<\/p>\n","protected":false},"excerpt":{"rendered":"<p>Filtr oleju hydrauliki New Holland T7 CASE 4814216 CNH Wyst&#281;puje m.in. New Holland T7.195S, T7.215S, T7.230, T7.245, T7.260, T7.270, T7.275, T7.275 HD, T7.290, T7.290 HD, T7.315, T7.315 CASE 6185 ABSOLUT 6185 CVT 6200 ABSOLUT 6200 CVT 6220 ABSOLUT 6220 CVT 6240 ABSOLUT 6240 CVT 6250, TERRUS CVT 6270, TERRUS CVT 6300, TERRUS CVT, OPTUM 250,&#8230;<\/p>\n","protected":false},"featured_media":15552,"template":"","meta":{"_kad_post_transparent":"","_kad_post_title":"","_kad_post_layout":"","_kad_post_sidebar_id":"","_kad_post_content_style":"","_kad_post_vertical_padding":"","_kad_post_feature":"","_kad_post_feature_position":"","_kad_post_header":false,"_kad_post_footer":false},"product_cat":[332,333,289,330],"product_tag":[],"class_list":{"0":"post-13250","1":"product","2":"type-product","3":"status-publish","4":"has-post-thumbnail","6":"product_cat-case-ciagniki-rolnicze","7":"product_cat-new-holland-ciagniki-rolnicze","8":"product_cat-sklep-internetowy","9":"product_cat-steyr","11":"first","12":"instock","13":"taxable","14":"shipping-taxable","15":"purchasable","16":"product-type-simple","17":"entry","18":"content-bg","19":"loop-entry"},"yoast_head":"<!-- This site is optimized with the Yoast SEO plugin v24.9 - https:\/\/yoast.com\/wordpress\/plugins\/seo\/ -->\n<title>FILTR OLEJU HYDRAULICZNEGO  L2-3 - AMATECH - Maszyny rolnicze, cz\u0119\u015bci zamienne, serwis<\/title>\n<meta name=\"robots\" content=\"index, follow, max-snippet:-1, max-image-preview:large, max-video-preview:-1\" \/>\n<link rel=\"canonical\" href=\"https:\/\/amatech.com.pl\/sklep\/czesci-zamienne\/filtr-oleju-hydraulicznego-3\/\" \/>\n<meta property=\"og:locale\" content=\"pl_PL\" \/>\n<meta property=\"og:type\" content=\"article\" \/>\n<meta property=\"og:title\" content=\"FILTR OLEJU HYDRAULICZNEGO  L2-3 - AMATECH - Maszyny rolnicze, cz\u0119\u015bci zamienne, serwis\" \/>\n<meta property=\"og:description\" content=\"Filtr oleju hydrauliki New Holland T7 CASE 4814216 CNH Wyst&#281;puje m.in. New Holland T7.195S, T7.215S, T7.230, T7.245, T7.260, T7.270, T7.275, T7.275 HD, T7.290, T7.290 HD, T7.315, T7.315 CASE 6185 ABSOLUT 6185 CVT 6200 ABSOLUT 6200 CVT 6220 ABSOLUT 6220 CVT 6240 ABSOLUT 6240 CVT 6250, TERRUS CVT 6270, TERRUS CVT 6300, TERRUS CVT, OPTUM 250,...\" \/>\n<meta property=\"og:url\" content=\"https:\/\/amatech.com.pl\/sklep\/czesci-zamienne\/filtr-oleju-hydraulicznego-3\/\" \/>\n<meta property=\"og:site_name\" content=\"AMATECH - Maszyny rolnicze, cz\u0119\u015bci zamienne, serwis\" \/>\n<meta property=\"article:publisher\" content=\"https:\/\/www.facebook.com\/amatech.poznanski\/\" \/>\n<meta property=\"article:modified_time\" content=\"2026-05-06T13:01:26+00:00\" \/>\n<meta property=\"og:image\" content=\"https:\/\/amatech.com.pl\/sklep\/wp-content\/uploads\/2023\/11\/FILTR-OLEJU-HYDRAULICZNEGO_37939-scaled.jpg\" \/>\n\t<meta property=\"og:image:width\" content=\"2560\" \/>\n\t<meta property=\"og:image:height\" content=\"1920\" \/>\n\t<meta property=\"og:image:type\" content=\"image\/jpeg\" \/>\n<meta name=\"twitter:card\" content=\"summary_large_image\" \/>\n<script type=\"application\/ld+json\" class=\"yoast-schema-graph\">{\"@context\":\"https:\/\/schema.org\",\"@graph\":[{\"@type\":\"WebPage\",\"@id\":\"https:\/\/amatech.com.pl\/sklep\/czesci-zamienne\/filtr-oleju-hydraulicznego-3\/\",\"url\":\"https:\/\/amatech.com.pl\/sklep\/czesci-zamienne\/filtr-oleju-hydraulicznego-3\/\",\"name\":\"FILTR OLEJU HYDRAULICZNEGO L2-3 - AMATECH - Maszyny rolnicze, cz\u0119\u015bci zamienne, serwis\",\"isPartOf\":{\"@id\":\"https:\/\/amatech.com.pl\/sklep\/#website\"},\"primaryImageOfPage\":{\"@id\":\"https:\/\/amatech.com.pl\/sklep\/czesci-zamienne\/filtr-oleju-hydraulicznego-3\/#primaryimage\"},\"image\":{\"@id\":\"https:\/\/amatech.com.pl\/sklep\/czesci-zamienne\/filtr-oleju-hydraulicznego-3\/#primaryimage\"},\"thumbnailUrl\":\"https:\/\/amatech.com.pl\/sklep\/wp-content\/uploads\/2023\/11\/FILTR-OLEJU-HYDRAULICZNEGO_37939-scaled.jpg\",\"datePublished\":\"2023-04-04T12:56:30+00:00\",\"dateModified\":\"2026-05-06T13:01:26+00:00\",\"breadcrumb\":{\"@id\":\"https:\/\/amatech.com.pl\/sklep\/czesci-zamienne\/filtr-oleju-hydraulicznego-3\/#breadcrumb\"},\"inLanguage\":\"pl-PL\",\"potentialAction\":[{\"@type\":\"ReadAction\",\"target\":[\"https:\/\/amatech.com.pl\/sklep\/czesci-zamienne\/filtr-oleju-hydraulicznego-3\/\"]}]},{\"@type\":\"ImageObject\",\"inLanguage\":\"pl-PL\",\"@id\":\"https:\/\/amatech.com.pl\/sklep\/czesci-zamienne\/filtr-oleju-hydraulicznego-3\/#primaryimage\",\"url\":\"https:\/\/amatech.com.pl\/sklep\/wp-content\/uploads\/2023\/11\/FILTR-OLEJU-HYDRAULICZNEGO_37939-scaled.jpg\",\"contentUrl\":\"https:\/\/amatech.com.pl\/sklep\/wp-content\/uploads\/2023\/11\/FILTR-OLEJU-HYDRAULICZNEGO_37939-scaled.jpg\",\"width\":2560,\"height\":1920,\"caption\":\"FILTR OLEJU HYDRAULICZNEGO\"},{\"@type\":\"BreadcrumbList\",\"@id\":\"https:\/\/amatech.com.pl\/sklep\/czesci-zamienne\/filtr-oleju-hydraulicznego-3\/#breadcrumb\",\"itemListElement\":[{\"@type\":\"ListItem\",\"position\":1,\"name\":\"Strona g\u0142\u00f3wna\",\"item\":\"https:\/\/amatech.com.pl\/sklep\/\"},{\"@type\":\"ListItem\",\"position\":2,\"name\":\"Sklep\",\"item\":\"https:\/\/amatech.com.pl\/sklep\/\"},{\"@type\":\"ListItem\",\"position\":3,\"name\":\"FILTR OLEJU HYDRAULICZNEGO L2-3\"}]},{\"@type\":\"WebSite\",\"@id\":\"https:\/\/amatech.com.pl\/sklep\/#website\",\"url\":\"https:\/\/amatech.com.pl\/sklep\/\",\"name\":\"AMATECH - Maszyny rolnicze, cz\u0119\u015bci zamienne, serwis\",\"description\":\"AMATECH - Jaros\u0142aw Pozna\u0144ski - Zajmujemy si\u0119 sprzeda\u017c\u0105 maszyn i urz\u0105dze\u0144 rolniczych budowlanych oraz oryginalnych cz\u0119\u015bci zamiennych. Sklep on-line.\",\"publisher\":{\"@id\":\"https:\/\/amatech.com.pl\/sklep\/#organization\"},\"potentialAction\":[{\"@type\":\"SearchAction\",\"target\":{\"@type\":\"EntryPoint\",\"urlTemplate\":\"https:\/\/amatech.com.pl\/sklep\/?s={search_term_string}\"},\"query-input\":{\"@type\":\"PropertyValueSpecification\",\"valueRequired\":true,\"valueName\":\"search_term_string\"}}],\"inLanguage\":\"pl-PL\"},{\"@type\":\"Organization\",\"@id\":\"https:\/\/amatech.com.pl\/sklep\/#organization\",\"name\":\"AMATECH - Maszyny rolnicze, cz\u0119\u015bci zamienne, amazone, krone\",\"url\":\"https:\/\/amatech.com.pl\/sklep\/\",\"logo\":{\"@type\":\"ImageObject\",\"inLanguage\":\"pl-PL\",\"@id\":\"https:\/\/amatech.com.pl\/sklep\/#\/schema\/logo\/image\/\",\"url\":\"https:\/\/amatech.com.pl\/sklep\/wp-content\/uploads\/2021\/11\/amatech-logo.png\",\"contentUrl\":\"https:\/\/amatech.com.pl\/sklep\/wp-content\/uploads\/2021\/11\/amatech-logo.png\",\"width\":266,\"height\":57,\"caption\":\"AMATECH - Maszyny rolnicze, cz\u0119\u015bci zamienne, amazone, krone\"},\"image\":{\"@id\":\"https:\/\/amatech.com.pl\/sklep\/#\/schema\/logo\/image\/\"},\"sameAs\":[\"https:\/\/www.facebook.com\/amatech.poznanski\/\"]}]}<\/script>\n<!-- \/ Yoast SEO plugin. -->","yoast_head_json":{"title":"FILTR OLEJU HYDRAULICZNEGO  L2-3 - AMATECH - Maszyny rolnicze, cz\u0119\u015bci zamienne, serwis","robots":{"index":"index","follow":"follow","max-snippet":"max-snippet:-1","max-image-preview":"max-image-preview:large","max-video-preview":"max-video-preview:-1"},"canonical":"https:\/\/amatech.com.pl\/sklep\/czesci-zamienne\/filtr-oleju-hydraulicznego-3\/","og_locale":"pl_PL","og_type":"article","og_title":"FILTR OLEJU HYDRAULICZNEGO  L2-3 - AMATECH - Maszyny rolnicze, cz\u0119\u015bci zamienne, serwis","og_description":"Filtr oleju hydrauliki New Holland T7 CASE 4814216 CNH Wyst&#281;puje m.in. New Holland T7.195S, T7.215S, T7.230, T7.245, T7.260, T7.270, T7.275, T7.275 HD, T7.290, T7.290 HD, T7.315, T7.315 CASE 6185 ABSOLUT 6185 CVT 6200 ABSOLUT 6200 CVT 6220 ABSOLUT 6220 CVT 6240 ABSOLUT 6240 CVT 6250, TERRUS CVT 6270, TERRUS CVT 6300, TERRUS CVT, OPTUM 250,...","og_url":"https:\/\/amatech.com.pl\/sklep\/czesci-zamienne\/filtr-oleju-hydraulicznego-3\/","og_site_name":"AMATECH - Maszyny rolnicze, cz\u0119\u015bci zamienne, serwis","article_publisher":"https:\/\/www.facebook.com\/amatech.poznanski\/","article_modified_time":"2026-05-06T13:01:26+00:00","og_image":[{"width":2560,"height":1920,"url":"https:\/\/amatech.com.pl\/sklep\/wp-content\/uploads\/2023\/11\/FILTR-OLEJU-HYDRAULICZNEGO_37939-scaled.jpg","type":"image\/jpeg"}],"twitter_card":"summary_large_image","schema":{"@context":"https:\/\/schema.org","@graph":[{"@type":"WebPage","@id":"https:\/\/amatech.com.pl\/sklep\/czesci-zamienne\/filtr-oleju-hydraulicznego-3\/","url":"https:\/\/amatech.com.pl\/sklep\/czesci-zamienne\/filtr-oleju-hydraulicznego-3\/","name":"FILTR OLEJU HYDRAULICZNEGO L2-3 - AMATECH - Maszyny rolnicze, cz\u0119\u015bci zamienne, serwis","isPartOf":{"@id":"https:\/\/amatech.com.pl\/sklep\/#website"},"primaryImageOfPage":{"@id":"https:\/\/amatech.com.pl\/sklep\/czesci-zamienne\/filtr-oleju-hydraulicznego-3\/#primaryimage"},"image":{"@id":"https:\/\/amatech.com.pl\/sklep\/czesci-zamienne\/filtr-oleju-hydraulicznego-3\/#primaryimage"},"thumbnailUrl":"https:\/\/amatech.com.pl\/sklep\/wp-content\/uploads\/2023\/11\/FILTR-OLEJU-HYDRAULICZNEGO_37939-scaled.jpg","datePublished":"2023-04-04T12:56:30+00:00","dateModified":"2026-05-06T13:01:26+00:00","breadcrumb":{"@id":"https:\/\/amatech.com.pl\/sklep\/czesci-zamienne\/filtr-oleju-hydraulicznego-3\/#breadcrumb"},"inLanguage":"pl-PL","potentialAction":[{"@type":"ReadAction","target":["https:\/\/amatech.com.pl\/sklep\/czesci-zamienne\/filtr-oleju-hydraulicznego-3\/"]}]},{"@type":"ImageObject","inLanguage":"pl-PL","@id":"https:\/\/amatech.com.pl\/sklep\/czesci-zamienne\/filtr-oleju-hydraulicznego-3\/#primaryimage","url":"https:\/\/amatech.com.pl\/sklep\/wp-content\/uploads\/2023\/11\/FILTR-OLEJU-HYDRAULICZNEGO_37939-scaled.jpg","contentUrl":"https:\/\/amatech.com.pl\/sklep\/wp-content\/uploads\/2023\/11\/FILTR-OLEJU-HYDRAULICZNEGO_37939-scaled.jpg","width":2560,"height":1920,"caption":"FILTR OLEJU HYDRAULICZNEGO"},{"@type":"BreadcrumbList","@id":"https:\/\/amatech.com.pl\/sklep\/czesci-zamienne\/filtr-oleju-hydraulicznego-3\/#breadcrumb","itemListElement":[{"@type":"ListItem","position":1,"name":"Strona g\u0142\u00f3wna","item":"https:\/\/amatech.com.pl\/sklep\/"},{"@type":"ListItem","position":2,"name":"Sklep","item":"https:\/\/amatech.com.pl\/sklep\/"},{"@type":"ListItem","position":3,"name":"FILTR OLEJU HYDRAULICZNEGO L2-3"}]},{"@type":"WebSite","@id":"https:\/\/amatech.com.pl\/sklep\/#website","url":"https:\/\/amatech.com.pl\/sklep\/","name":"AMATECH - Maszyny rolnicze, cz\u0119\u015bci zamienne, serwis","description":"AMATECH - Jaros\u0142aw Pozna\u0144ski - Zajmujemy si\u0119 sprzeda\u017c\u0105 maszyn i urz\u0105dze\u0144 rolniczych budowlanych oraz oryginalnych cz\u0119\u015bci zamiennych. Sklep on-line.","publisher":{"@id":"https:\/\/amatech.com.pl\/sklep\/#organization"},"potentialAction":[{"@type":"SearchAction","target":{"@type":"EntryPoint","urlTemplate":"https:\/\/amatech.com.pl\/sklep\/?s={search_term_string}"},"query-input":{"@type":"PropertyValueSpecification","valueRequired":true,"valueName":"search_term_string"}}],"inLanguage":"pl-PL"},{"@type":"Organization","@id":"https:\/\/amatech.com.pl\/sklep\/#organization","name":"AMATECH - Maszyny rolnicze, cz\u0119\u015bci zamienne, amazone, krone","url":"https:\/\/amatech.com.pl\/sklep\/","logo":{"@type":"ImageObject","inLanguage":"pl-PL","@id":"https:\/\/amatech.com.pl\/sklep\/#\/schema\/logo\/image\/","url":"https:\/\/amatech.com.pl\/sklep\/wp-content\/uploads\/2021\/11\/amatech-logo.png","contentUrl":"https:\/\/amatech.com.pl\/sklep\/wp-content\/uploads\/2021\/11\/amatech-logo.png","width":266,"height":57,"caption":"AMATECH - Maszyny rolnicze, cz\u0119\u015bci zamienne, amazone, krone"},"image":{"@id":"https:\/\/amatech.com.pl\/sklep\/#\/schema\/logo\/image\/"},"sameAs":["https:\/\/www.facebook.com\/amatech.poznanski\/"]}]}},"_links":{"self":[{"href":"https:\/\/amatech.com.pl\/sklep\/wp-json\/wp\/v2\/product\/13250"}],"collection":[{"href":"https:\/\/amatech.com.pl\/sklep\/wp-json\/wp\/v2\/product"}],"about":[{"href":"https:\/\/amatech.com.pl\/sklep\/wp-json\/wp\/v2\/types\/product"}],"wp:featuredmedia":[{"embeddable":true,"href":"https:\/\/amatech.com.pl\/sklep\/wp-json\/wp\/v2\/media\/15552"}],"wp:attachment":[{"href":"https:\/\/amatech.com.pl\/sklep\/wp-json\/wp\/v2\/media?parent=13250"}],"wp:term":[{"taxonomy":"product_cat","embeddable":true,"href":"https:\/\/amatech.com.pl\/sklep\/wp-json\/wp\/v2\/product_cat?post=13250"},{"taxonomy":"product_tag","embeddable":true,"href":"https:\/\/amatech.com.pl\/sklep\/wp-json\/wp\/v2\/product_tag?post=13250"}],"curies":[{"name":"wp","href":"https:\/\/api.w.org\/{rel}","templated":true}]}}