{"id":14092,"date":"2023-05-17T14:49:04","date_gmt":"2023-05-17T12:49:04","guid":{"rendered":"https:\/\/amatech.com.pl\/sklep\/czesci-zamienne\/kabel-adapter-viii-5\/"},"modified":"2026-03-11T06:48:06","modified_gmt":"2026-03-11T05:48:06","slug":"kabel-adapter-viii-5","status":"publish","type":"product","link":"https:\/\/amatech.com.pl\/sklep\/czesci-zamienne\/kabel-adapter-viii-5\/","title":{"rendered":"KABEL- ADAPTER    B7-2-3"},"content":{"rendered":"<p><span style=\"font-size:24px\">KABEL- ADAPTER&nbsp;<\/span><\/p>\n<p>WYST&#280;PUJE W:<\/p>\n<table role=\"grid\" class=\" cke_show_border\" style=\"width: 778px\">\n<tbody id=\"j_idt1079_data\">\n<tr data-ri=\"0\" role=\"row\">\n<td role=\"gridcell\">3<\/td>\n<td role=\"gridcell\">J040<\/td>\n<td role=\"gridcell\" style=\"width: 173.766px\"><a data-cke-saved-href=\"https:\/\/portal.amazone.de\/spareparts\/catalog.jsf?fun=usage&amp;filter=catalog%2FMH721%2Fpath%2F%2C0%2C2729%2Factive%2F2729%3A2732&amp;identNr=NL1082&amp;conversationContext=1u\" href=\"https:\/\/portal.amazone.de\/spareparts\/catalog.jsf?fun=usage&amp;filter=catalog%2FMH721%2Fpath%2F%2C0%2C2729%2Factive%2F2729%3A2732&amp;identNr=NL1082&amp;conversationContext=1u\">Czujnik pr&#281;dko&#347;ci GPS<\/a><\/td>\n<td role=\"gridcell\" style=\"width: 1px\">MH721<\/td>\n<td role=\"gridcell\" style=\"width: 329px\">Cayena 6001, 6001-C<\/td>\n<td role=\"gridcell\" style=\"width: 152px\">od 01-2012<\/td>\n<\/tr>\n<tr data-ri=\"1\" role=\"row\">\n<td role=\"gridcell\">3<\/td>\n<td role=\"gridcell\">F022<\/td>\n<td role=\"gridcell\" style=\"width: 173.766px\"><a data-cke-saved-href=\"https:\/\/portal.amazone.de\/spareparts\/catalog.jsf?fun=usage&amp;filter=catalog%2FMH769%2Fpath%2F%2C0%2C2651%2Factive%2F2651%3A2654&amp;identNr=NL1082&amp;conversationContext=1u\" href=\"https:\/\/portal.amazone.de\/spareparts\/catalog.jsf?fun=usage&amp;filter=catalog%2FMH769%2Fpath%2F%2C0%2C2651%2Factive%2F2651%3A2654&amp;identNr=NL1082&amp;conversationContext=1u\">Czujnik pr&#281;dko&#347;ci GPS<\/a><\/td>\n<td role=\"gridcell\" style=\"width: 1px\">MH769<\/td>\n<td role=\"gridcell\" style=\"width: 329px\">Cirrus 3503 Compact<\/td>\n<td role=\"gridcell\" style=\"width: 152px\">od 06-2015<\/td>\n<\/tr>\n<tr data-ri=\"2\" role=\"row\">\n<td role=\"gridcell\">3<\/td>\n<td role=\"gridcell\">M100<\/td>\n<td role=\"gridcell\" style=\"width: 173.766px\"><a data-cke-saved-href=\"https:\/\/portal.amazone.de\/spareparts\/catalog.jsf?fun=usage&amp;filter=catalog%2FMH606%2Fpath%2F%2C0%2C1342%2Factive%2F1342%3A1345&amp;identNr=NL1082&amp;conversationContext=1u\" href=\"https:\/\/portal.amazone.de\/spareparts\/catalog.jsf?fun=usage&amp;filter=catalog%2FMH606%2Fpath%2F%2C0%2C1342%2Factive%2F1342%3A1345&amp;identNr=NL1082&amp;conversationContext=1u\">Czujnik pr&#281;dko&#347;ci GPS<\/a><\/td>\n<td role=\"gridcell\" style=\"width: 1px\">MH606<\/td>\n<td role=\"gridcell\" style=\"width: 329px\">ZA-M 1001, 1201, 1501 \/ Special \/ Profis \/ Hydro<\/td>\n<td role=\"gridcell\" style=\"width: 152px\">od 11-2009 do 05-2021<\/td>\n<\/tr>\n<tr data-ri=\"3\" role=\"row\">\n<td role=\"gridcell\">3<\/td>\n<td role=\"gridcell\">M100<\/td>\n<td role=\"gridcell\" style=\"width: 173.766px\"><a data-cke-saved-href=\"https:\/\/portal.amazone.de\/spareparts\/catalog.jsf?fun=usage&amp;filter=catalog%2FMH734%2Fpath%2F%2C0%2C2525%2Factive%2F2525%3A2528&amp;identNr=NL1082&amp;conversationContext=1u\" href=\"https:\/\/portal.amazone.de\/spareparts\/catalog.jsf?fun=usage&amp;filter=catalog%2FMH734%2Fpath%2F%2C0%2C2525%2Factive%2F2525%3A2528&amp;identNr=NL1082&amp;conversationContext=1u\">Czujnik pr&#281;dko&#347;ci GPS<\/a><\/td>\n<td role=\"gridcell\" style=\"width: 1px\">MH734<\/td>\n<td role=\"gridcell\" style=\"width: 329px\">ZA-TS Special \/ Super \/ Ultra<\/td>\n<td role=\"gridcell\" style=\"width: 152px\">od 01-2013<\/td>\n<\/tr>\n<tr data-ri=\"4\" role=\"row\">\n<td role=\"gridcell\">3<\/td>\n<td role=\"gridcell\">M100<\/td>\n<td role=\"gridcell\" style=\"width: 173.766px\"><a data-cke-saved-href=\"https:\/\/portal.amazone.de\/spareparts\/catalog.jsf?fun=usage&amp;filter=catalog%2FMH759%2Fpath%2F%2C0%2C1877%2Factive%2F1877%3A1880&amp;identNr=NL1082&amp;conversationContext=1u\" href=\"https:\/\/portal.amazone.de\/spareparts\/catalog.jsf?fun=usage&amp;filter=catalog%2FMH759%2Fpath%2F%2C0%2C1877%2Factive%2F1877%3A1880&amp;identNr=NL1082&amp;conversationContext=1u\">Czujnik pr&#281;dko&#347;ci GPS<\/a><\/td>\n<td role=\"gridcell\" style=\"width: 1px\">MH759<\/td>\n<td role=\"gridcell\" style=\"width: 329px\">ZA-V<\/td>\n<td role=\"gridcell\" style=\"width: 152px\">od 01-2012<\/td>\n<\/tr>\n<\/tbody>\n<\/table>\n<p><\/p>\n","protected":false},"excerpt":{"rendered":"<p>KABEL- ADAPTER&nbsp; WYST&#280;PUJE W: 3 J040 Czujnik pr&#281;dko&#347;ci GPS MH721 Cayena 6001, 6001-C od 01-2012 3 F022 Czujnik pr&#281;dko&#347;ci GPS MH769 Cirrus 3503 Compact od 06-2015 3 M100 Czujnik pr&#281;dko&#347;ci GPS MH606 ZA-M 1001, 1201, 1501 \/ Special \/ Profis \/ Hydro od 11-2009 do 05-2021 3 M100 Czujnik pr&#281;dko&#347;ci GPS MH734 ZA-TS Special \/&#8230;<\/p>\n","protected":false},"featured_media":16059,"template":"","meta":{"_kad_post_transparent":"","_kad_post_title":"","_kad_post_layout":"","_kad_post_sidebar_id":"","_kad_post_content_style":"","_kad_post_vertical_padding":"","_kad_post_feature":"","_kad_post_feature_position":"","_kad_post_header":false,"_kad_post_footer":false},"product_cat":[312,325,269,274,289],"product_tag":[],"class_list":{"0":"post-14092","1":"product","2":"type-product","3":"status-publish","4":"has-post-thumbnail","6":"product_cat-amazone","7":"product_cat-amazone-do-kukurydzy","8":"product_cat-rozsiewacze","9":"product_cat-siewniki","10":"product_cat-sklep-internetowy","12":"first","13":"instock","14":"taxable","15":"shipping-taxable","16":"purchasable","17":"product-type-simple","18":"entry","19":"content-bg","20":"loop-entry"},"yoast_head":"<!-- This site is optimized with the Yoast SEO plugin v24.9 - https:\/\/yoast.com\/wordpress\/plugins\/seo\/ -->\n<title>KABEL- ADAPTER  B7-2-3 - AMATECH - Maszyny rolnicze, cz\u0119\u015bci zamienne, serwis<\/title>\n<meta name=\"robots\" content=\"index, follow, max-snippet:-1, max-image-preview:large, max-video-preview:-1\" \/>\n<link rel=\"canonical\" href=\"https:\/\/amatech.com.pl\/sklep\/czesci-zamienne\/kabel-adapter-viii-5\/\" \/>\n<meta property=\"og:locale\" content=\"pl_PL\" \/>\n<meta property=\"og:type\" content=\"article\" \/>\n<meta property=\"og:title\" content=\"KABEL- ADAPTER  B7-2-3 - AMATECH - Maszyny rolnicze, cz\u0119\u015bci zamienne, serwis\" \/>\n<meta property=\"og:description\" content=\"KABEL- ADAPTER&nbsp; WYST&#280;PUJE W: 3 J040 Czujnik pr&#281;dko&#347;ci GPS MH721 Cayena 6001, 6001-C od 01-2012 3 F022 Czujnik pr&#281;dko&#347;ci GPS MH769 Cirrus 3503 Compact od 06-2015 3 M100 Czujnik pr&#281;dko&#347;ci GPS MH606 ZA-M 1001, 1201, 1501 \/ Special \/ Profis \/ Hydro od 11-2009 do 05-2021 3 M100 Czujnik pr&#281;dko&#347;ci GPS MH734 ZA-TS Special \/...\" \/>\n<meta property=\"og:url\" content=\"https:\/\/amatech.com.pl\/sklep\/czesci-zamienne\/kabel-adapter-viii-5\/\" \/>\n<meta property=\"og:site_name\" content=\"AMATECH - Maszyny rolnicze, cz\u0119\u015bci zamienne, serwis\" \/>\n<meta property=\"article:publisher\" content=\"https:\/\/www.facebook.com\/amatech.poznanski\/\" \/>\n<meta property=\"article:modified_time\" content=\"2026-03-11T05:48:06+00:00\" \/>\n<meta property=\"og:image\" content=\"https:\/\/amatech.com.pl\/sklep\/wp-content\/uploads\/2023\/11\/KABEL-ADAPTER-VIII-5.jpg\" \/>\n\t<meta property=\"og:image:width\" content=\"640\" \/>\n\t<meta property=\"og:image:height\" content=\"480\" \/>\n\t<meta property=\"og:image:type\" content=\"image\/jpeg\" \/>\n<meta name=\"twitter:card\" content=\"summary_large_image\" \/>\n<script type=\"application\/ld+json\" class=\"yoast-schema-graph\">{\"@context\":\"https:\/\/schema.org\",\"@graph\":[{\"@type\":\"WebPage\",\"@id\":\"https:\/\/amatech.com.pl\/sklep\/czesci-zamienne\/kabel-adapter-viii-5\/\",\"url\":\"https:\/\/amatech.com.pl\/sklep\/czesci-zamienne\/kabel-adapter-viii-5\/\",\"name\":\"KABEL- ADAPTER B7-2-3 - AMATECH - Maszyny rolnicze, cz\u0119\u015bci zamienne, serwis\",\"isPartOf\":{\"@id\":\"https:\/\/amatech.com.pl\/sklep\/#website\"},\"primaryImageOfPage\":{\"@id\":\"https:\/\/amatech.com.pl\/sklep\/czesci-zamienne\/kabel-adapter-viii-5\/#primaryimage\"},\"image\":{\"@id\":\"https:\/\/amatech.com.pl\/sklep\/czesci-zamienne\/kabel-adapter-viii-5\/#primaryimage\"},\"thumbnailUrl\":\"https:\/\/amatech.com.pl\/sklep\/wp-content\/uploads\/2023\/11\/KABEL-ADAPTER-VIII-5.jpg\",\"datePublished\":\"2023-05-17T12:49:04+00:00\",\"dateModified\":\"2026-03-11T05:48:06+00:00\",\"breadcrumb\":{\"@id\":\"https:\/\/amatech.com.pl\/sklep\/czesci-zamienne\/kabel-adapter-viii-5\/#breadcrumb\"},\"inLanguage\":\"pl-PL\",\"potentialAction\":[{\"@type\":\"ReadAction\",\"target\":[\"https:\/\/amatech.com.pl\/sklep\/czesci-zamienne\/kabel-adapter-viii-5\/\"]}]},{\"@type\":\"ImageObject\",\"inLanguage\":\"pl-PL\",\"@id\":\"https:\/\/amatech.com.pl\/sklep\/czesci-zamienne\/kabel-adapter-viii-5\/#primaryimage\",\"url\":\"https:\/\/amatech.com.pl\/sklep\/wp-content\/uploads\/2023\/11\/KABEL-ADAPTER-VIII-5.jpg\",\"contentUrl\":\"https:\/\/amatech.com.pl\/sklep\/wp-content\/uploads\/2023\/11\/KABEL-ADAPTER-VIII-5.jpg\",\"width\":640,\"height\":480,\"caption\":\"KABEL- ADAPTER VIII-5\"},{\"@type\":\"BreadcrumbList\",\"@id\":\"https:\/\/amatech.com.pl\/sklep\/czesci-zamienne\/kabel-adapter-viii-5\/#breadcrumb\",\"itemListElement\":[{\"@type\":\"ListItem\",\"position\":1,\"name\":\"Strona g\u0142\u00f3wna\",\"item\":\"https:\/\/amatech.com.pl\/sklep\/\"},{\"@type\":\"ListItem\",\"position\":2,\"name\":\"Sklep\",\"item\":\"https:\/\/amatech.com.pl\/sklep\/\"},{\"@type\":\"ListItem\",\"position\":3,\"name\":\"KABEL- ADAPTER B7-2-3\"}]},{\"@type\":\"WebSite\",\"@id\":\"https:\/\/amatech.com.pl\/sklep\/#website\",\"url\":\"https:\/\/amatech.com.pl\/sklep\/\",\"name\":\"AMATECH - Maszyny rolnicze, cz\u0119\u015bci zamienne, serwis\",\"description\":\"AMATECH - Jaros\u0142aw Pozna\u0144ski - Zajmujemy si\u0119 sprzeda\u017c\u0105 maszyn i urz\u0105dze\u0144 rolniczych budowlanych oraz oryginalnych cz\u0119\u015bci zamiennych. Sklep on-line.\",\"publisher\":{\"@id\":\"https:\/\/amatech.com.pl\/sklep\/#organization\"},\"potentialAction\":[{\"@type\":\"SearchAction\",\"target\":{\"@type\":\"EntryPoint\",\"urlTemplate\":\"https:\/\/amatech.com.pl\/sklep\/?s={search_term_string}\"},\"query-input\":{\"@type\":\"PropertyValueSpecification\",\"valueRequired\":true,\"valueName\":\"search_term_string\"}}],\"inLanguage\":\"pl-PL\"},{\"@type\":\"Organization\",\"@id\":\"https:\/\/amatech.com.pl\/sklep\/#organization\",\"name\":\"AMATECH - Maszyny rolnicze, cz\u0119\u015bci zamienne, amazone, krone\",\"url\":\"https:\/\/amatech.com.pl\/sklep\/\",\"logo\":{\"@type\":\"ImageObject\",\"inLanguage\":\"pl-PL\",\"@id\":\"https:\/\/amatech.com.pl\/sklep\/#\/schema\/logo\/image\/\",\"url\":\"https:\/\/amatech.com.pl\/sklep\/wp-content\/uploads\/2021\/11\/amatech-logo.png\",\"contentUrl\":\"https:\/\/amatech.com.pl\/sklep\/wp-content\/uploads\/2021\/11\/amatech-logo.png\",\"width\":266,\"height\":57,\"caption\":\"AMATECH - Maszyny rolnicze, cz\u0119\u015bci zamienne, amazone, krone\"},\"image\":{\"@id\":\"https:\/\/amatech.com.pl\/sklep\/#\/schema\/logo\/image\/\"},\"sameAs\":[\"https:\/\/www.facebook.com\/amatech.poznanski\/\"]}]}<\/script>\n<!-- \/ Yoast SEO plugin. -->","yoast_head_json":{"title":"KABEL- ADAPTER  B7-2-3 - AMATECH - Maszyny rolnicze, cz\u0119\u015bci zamienne, serwis","robots":{"index":"index","follow":"follow","max-snippet":"max-snippet:-1","max-image-preview":"max-image-preview:large","max-video-preview":"max-video-preview:-1"},"canonical":"https:\/\/amatech.com.pl\/sklep\/czesci-zamienne\/kabel-adapter-viii-5\/","og_locale":"pl_PL","og_type":"article","og_title":"KABEL- ADAPTER  B7-2-3 - AMATECH - Maszyny rolnicze, cz\u0119\u015bci zamienne, serwis","og_description":"KABEL- ADAPTER&nbsp; WYST&#280;PUJE W: 3 J040 Czujnik pr&#281;dko&#347;ci GPS MH721 Cayena 6001, 6001-C od 01-2012 3 F022 Czujnik pr&#281;dko&#347;ci GPS MH769 Cirrus 3503 Compact od 06-2015 3 M100 Czujnik pr&#281;dko&#347;ci GPS MH606 ZA-M 1001, 1201, 1501 \/ Special \/ Profis \/ Hydro od 11-2009 do 05-2021 3 M100 Czujnik pr&#281;dko&#347;ci GPS MH734 ZA-TS Special \/...","og_url":"https:\/\/amatech.com.pl\/sklep\/czesci-zamienne\/kabel-adapter-viii-5\/","og_site_name":"AMATECH - Maszyny rolnicze, cz\u0119\u015bci zamienne, serwis","article_publisher":"https:\/\/www.facebook.com\/amatech.poznanski\/","article_modified_time":"2026-03-11T05:48:06+00:00","og_image":[{"width":640,"height":480,"url":"https:\/\/amatech.com.pl\/sklep\/wp-content\/uploads\/2023\/11\/KABEL-ADAPTER-VIII-5.jpg","type":"image\/jpeg"}],"twitter_card":"summary_large_image","schema":{"@context":"https:\/\/schema.org","@graph":[{"@type":"WebPage","@id":"https:\/\/amatech.com.pl\/sklep\/czesci-zamienne\/kabel-adapter-viii-5\/","url":"https:\/\/amatech.com.pl\/sklep\/czesci-zamienne\/kabel-adapter-viii-5\/","name":"KABEL- ADAPTER B7-2-3 - AMATECH - Maszyny rolnicze, cz\u0119\u015bci zamienne, serwis","isPartOf":{"@id":"https:\/\/amatech.com.pl\/sklep\/#website"},"primaryImageOfPage":{"@id":"https:\/\/amatech.com.pl\/sklep\/czesci-zamienne\/kabel-adapter-viii-5\/#primaryimage"},"image":{"@id":"https:\/\/amatech.com.pl\/sklep\/czesci-zamienne\/kabel-adapter-viii-5\/#primaryimage"},"thumbnailUrl":"https:\/\/amatech.com.pl\/sklep\/wp-content\/uploads\/2023\/11\/KABEL-ADAPTER-VIII-5.jpg","datePublished":"2023-05-17T12:49:04+00:00","dateModified":"2026-03-11T05:48:06+00:00","breadcrumb":{"@id":"https:\/\/amatech.com.pl\/sklep\/czesci-zamienne\/kabel-adapter-viii-5\/#breadcrumb"},"inLanguage":"pl-PL","potentialAction":[{"@type":"ReadAction","target":["https:\/\/amatech.com.pl\/sklep\/czesci-zamienne\/kabel-adapter-viii-5\/"]}]},{"@type":"ImageObject","inLanguage":"pl-PL","@id":"https:\/\/amatech.com.pl\/sklep\/czesci-zamienne\/kabel-adapter-viii-5\/#primaryimage","url":"https:\/\/amatech.com.pl\/sklep\/wp-content\/uploads\/2023\/11\/KABEL-ADAPTER-VIII-5.jpg","contentUrl":"https:\/\/amatech.com.pl\/sklep\/wp-content\/uploads\/2023\/11\/KABEL-ADAPTER-VIII-5.jpg","width":640,"height":480,"caption":"KABEL- ADAPTER VIII-5"},{"@type":"BreadcrumbList","@id":"https:\/\/amatech.com.pl\/sklep\/czesci-zamienne\/kabel-adapter-viii-5\/#breadcrumb","itemListElement":[{"@type":"ListItem","position":1,"name":"Strona g\u0142\u00f3wna","item":"https:\/\/amatech.com.pl\/sklep\/"},{"@type":"ListItem","position":2,"name":"Sklep","item":"https:\/\/amatech.com.pl\/sklep\/"},{"@type":"ListItem","position":3,"name":"KABEL- ADAPTER B7-2-3"}]},{"@type":"WebSite","@id":"https:\/\/amatech.com.pl\/sklep\/#website","url":"https:\/\/amatech.com.pl\/sklep\/","name":"AMATECH - Maszyny rolnicze, cz\u0119\u015bci zamienne, serwis","description":"AMATECH - Jaros\u0142aw Pozna\u0144ski - Zajmujemy si\u0119 sprzeda\u017c\u0105 maszyn i urz\u0105dze\u0144 rolniczych budowlanych oraz oryginalnych cz\u0119\u015bci zamiennych. Sklep on-line.","publisher":{"@id":"https:\/\/amatech.com.pl\/sklep\/#organization"},"potentialAction":[{"@type":"SearchAction","target":{"@type":"EntryPoint","urlTemplate":"https:\/\/amatech.com.pl\/sklep\/?s={search_term_string}"},"query-input":{"@type":"PropertyValueSpecification","valueRequired":true,"valueName":"search_term_string"}}],"inLanguage":"pl-PL"},{"@type":"Organization","@id":"https:\/\/amatech.com.pl\/sklep\/#organization","name":"AMATECH - Maszyny rolnicze, cz\u0119\u015bci zamienne, amazone, krone","url":"https:\/\/amatech.com.pl\/sklep\/","logo":{"@type":"ImageObject","inLanguage":"pl-PL","@id":"https:\/\/amatech.com.pl\/sklep\/#\/schema\/logo\/image\/","url":"https:\/\/amatech.com.pl\/sklep\/wp-content\/uploads\/2021\/11\/amatech-logo.png","contentUrl":"https:\/\/amatech.com.pl\/sklep\/wp-content\/uploads\/2021\/11\/amatech-logo.png","width":266,"height":57,"caption":"AMATECH - Maszyny rolnicze, cz\u0119\u015bci zamienne, amazone, krone"},"image":{"@id":"https:\/\/amatech.com.pl\/sklep\/#\/schema\/logo\/image\/"},"sameAs":["https:\/\/www.facebook.com\/amatech.poznanski\/"]}]}},"_links":{"self":[{"href":"https:\/\/amatech.com.pl\/sklep\/wp-json\/wp\/v2\/product\/14092"}],"collection":[{"href":"https:\/\/amatech.com.pl\/sklep\/wp-json\/wp\/v2\/product"}],"about":[{"href":"https:\/\/amatech.com.pl\/sklep\/wp-json\/wp\/v2\/types\/product"}],"wp:featuredmedia":[{"embeddable":true,"href":"https:\/\/amatech.com.pl\/sklep\/wp-json\/wp\/v2\/media\/16059"}],"wp:attachment":[{"href":"https:\/\/amatech.com.pl\/sklep\/wp-json\/wp\/v2\/media?parent=14092"}],"wp:term":[{"taxonomy":"product_cat","embeddable":true,"href":"https:\/\/amatech.com.pl\/sklep\/wp-json\/wp\/v2\/product_cat?post=14092"},{"taxonomy":"product_tag","embeddable":true,"href":"https:\/\/amatech.com.pl\/sklep\/wp-json\/wp\/v2\/product_tag?post=14092"}],"curies":[{"name":"wp","href":"https:\/\/api.w.org\/{rel}","templated":true}]}}