{"id":16206,"date":"2024-01-04T12:30:35","date_gmt":"2024-01-04T11:30:35","guid":{"rendered":"https:\/\/amatech.com.pl\/sklep\/czesci-zamienne\/olej-silnikowy-akcela-unitek-10w-40-opakowanie-20l\/"},"modified":"2026-03-11T06:48:06","modified_gmt":"2026-03-11T05:48:06","slug":"olej-silnikowy-akcela-unitek-10w-40-opakowanie-20l","status":"publish","type":"product","link":"https:\/\/amatech.com.pl\/sklep\/czesci-zamienne\/olej-silnikowy-akcela-unitek-10w-40-opakowanie-20l\/","title":{"rendered":"OLEJ SILNIKOWY AKCELA UNITEK 10W-40 OPAKOWANIE 20L"},"content":{"rendered":"<p>Akcela UNITEK to syntetyczny olej silnikowy opracowany we wsp\u00f3\u0142pracy z CASE \/ CASE IH i FPT do silnik\u00f3w Tier4 Interim \/ Stage IIIB i Tier4 Final \/ Stage IV wyposa\u017conych w uk\u0142ad HI-eSCR, wtrysk Common Rail, filtr cz\u0105stek sta\u0142ych i turbin\u0119 o zmiennej geometrii.\u00a0Jego formu\u0142a Low SAPS zapewnia wysok\u0105 ochron\u0119 filtra cz\u0105stek sta\u0142ych przed pozosta\u0142o\u015bciami spalania.<\/p>\n<ul>\n<li>Parametry, metoda, Jednostka, Typowa warto\u015b\u0107<\/li>\n<li>Wygl\u0105d, -, -, Jasny<\/li>\n<li>G\u0119sto\u015b\u0107 w 15 \u00b0 C, ASTM D 4052, g \/ cm\u00b3, 0.87<\/li>\n<li>Lepko\u015b\u0107 kinematyczna w 100 \u00b0 C, ASTM D 445, mm\u00b2 \/ s (cSt), 15.5<\/li>\n<li>Wska\u017anik lepko\u015bci, ASTM D 2270, -, 150<\/li>\n<li>Temperatura p\u0142yni\u0119cia, ASTM D 97, \u00b0 C, -39<\/li>\n<li>Temperatura zap\u0142onu COC, ASTM D 92, \u00b0 C, 224<\/li>\n<li>TBN, ASTM D 2896, mgKOH \/ g, 9.5<\/li>\n<\/ul>\n<p>&nbsp;<\/p>\n","protected":false},"excerpt":{"rendered":"<p>Akcela UNITEK to syntetyczny olej silnikowy opracowany we wsp\u00f3\u0142pracy z CASE \/ CASE IH i FPT do silnik\u00f3w Tier4 Interim \/ Stage IIIB i Tier4 Final \/ Stage IV wyposa\u017conych w uk\u0142ad HI-eSCR, wtrysk Common Rail, filtr cz\u0105stek sta\u0142ych i turbin\u0119 o zmiennej geometrii.\u00a0Jego formu\u0142a Low SAPS zapewnia wysok\u0105 ochron\u0119 filtra cz\u0105stek sta\u0142ych przed pozosta\u0142o\u015bciami&#8230;<\/p>\n","protected":false},"featured_media":16207,"template":"","meta":{"_kad_post_transparent":"default","_kad_post_title":"","_kad_post_layout":"default","_kad_post_sidebar_id":"","_kad_post_content_style":"default","_kad_post_vertical_padding":"default","_kad_post_feature":"","_kad_post_feature_position":"","_kad_post_header":false,"_kad_post_footer":false},"product_cat":[281,289,330],"product_tag":[],"class_list":{"0":"post-16206","1":"product","2":"type-product","3":"status-publish","4":"has-post-thumbnail","6":"product_cat-ciagniki-rolnicze","7":"product_cat-sklep-internetowy","8":"product_cat-steyr","10":"first","11":"outofstock","12":"taxable","13":"shipping-taxable","14":"purchasable","15":"product-type-simple","16":"entry","17":"content-bg","18":"loop-entry"},"yoast_head":"<!-- This site is optimized with the Yoast SEO plugin v24.9 - https:\/\/yoast.com\/wordpress\/plugins\/seo\/ -->\n<title>OLEJ SILNIKOWY AKCELA UNITEK 10W-40 OPAKOWANIE 20L - AMATECH - Maszyny rolnicze, cz\u0119\u015bci zamienne, serwis<\/title>\n<meta name=\"robots\" content=\"index, follow, max-snippet:-1, max-image-preview:large, max-video-preview:-1\" \/>\n<link rel=\"canonical\" href=\"https:\/\/amatech.com.pl\/sklep\/czesci-zamienne\/olej-silnikowy-akcela-unitek-10w-40-opakowanie-20l\/\" \/>\n<meta property=\"og:locale\" content=\"pl_PL\" \/>\n<meta property=\"og:type\" content=\"article\" \/>\n<meta property=\"og:title\" content=\"OLEJ SILNIKOWY AKCELA UNITEK 10W-40 OPAKOWANIE 20L - AMATECH - Maszyny rolnicze, cz\u0119\u015bci zamienne, serwis\" \/>\n<meta property=\"og:description\" content=\"Akcela UNITEK to syntetyczny olej silnikowy opracowany we wsp\u00f3\u0142pracy z CASE \/ CASE IH i FPT do silnik\u00f3w Tier4 Interim \/ Stage IIIB i Tier4 Final \/ Stage IV wyposa\u017conych w uk\u0142ad HI-eSCR, wtrysk Common Rail, filtr cz\u0105stek sta\u0142ych i turbin\u0119 o zmiennej geometrii.\u00a0Jego formu\u0142a Low SAPS zapewnia wysok\u0105 ochron\u0119 filtra cz\u0105stek sta\u0142ych przed pozosta\u0142o\u015bciami...\" \/>\n<meta property=\"og:url\" content=\"https:\/\/amatech.com.pl\/sklep\/czesci-zamienne\/olej-silnikowy-akcela-unitek-10w-40-opakowanie-20l\/\" \/>\n<meta property=\"og:site_name\" content=\"AMATECH - Maszyny rolnicze, cz\u0119\u015bci zamienne, serwis\" \/>\n<meta property=\"article:publisher\" content=\"https:\/\/www.facebook.com\/amatech.poznanski\/\" \/>\n<meta property=\"article:modified_time\" content=\"2026-03-11T05:48:06+00:00\" \/>\n<meta property=\"og:image\" content=\"https:\/\/amatech.com.pl\/sklep\/wp-content\/uploads\/2024\/01\/OLEJ-SILNIKOWY-AKCELA-UNITEK-10W-40-OPAKOWANIE-20L.png\" \/>\n\t<meta property=\"og:image:width\" content=\"458\" \/>\n\t<meta property=\"og:image:height\" content=\"519\" \/>\n\t<meta property=\"og:image:type\" content=\"image\/png\" \/>\n<meta name=\"twitter:card\" content=\"summary_large_image\" \/>\n<meta name=\"twitter:label1\" content=\"Szacowany czas czytania\" \/>\n\t<meta name=\"twitter:data1\" content=\"1 minuta\" \/>\n<script type=\"application\/ld+json\" class=\"yoast-schema-graph\">{\"@context\":\"https:\/\/schema.org\",\"@graph\":[{\"@type\":\"WebPage\",\"@id\":\"https:\/\/amatech.com.pl\/sklep\/czesci-zamienne\/olej-silnikowy-akcela-unitek-10w-40-opakowanie-20l\/\",\"url\":\"https:\/\/amatech.com.pl\/sklep\/czesci-zamienne\/olej-silnikowy-akcela-unitek-10w-40-opakowanie-20l\/\",\"name\":\"OLEJ SILNIKOWY AKCELA UNITEK 10W-40 OPAKOWANIE 20L - AMATECH - Maszyny rolnicze, cz\u0119\u015bci zamienne, serwis\",\"isPartOf\":{\"@id\":\"https:\/\/amatech.com.pl\/sklep\/#website\"},\"primaryImageOfPage\":{\"@id\":\"https:\/\/amatech.com.pl\/sklep\/czesci-zamienne\/olej-silnikowy-akcela-unitek-10w-40-opakowanie-20l\/#primaryimage\"},\"image\":{\"@id\":\"https:\/\/amatech.com.pl\/sklep\/czesci-zamienne\/olej-silnikowy-akcela-unitek-10w-40-opakowanie-20l\/#primaryimage\"},\"thumbnailUrl\":\"https:\/\/amatech.com.pl\/sklep\/wp-content\/uploads\/2024\/01\/OLEJ-SILNIKOWY-AKCELA-UNITEK-10W-40-OPAKOWANIE-20L.png\",\"datePublished\":\"2024-01-04T11:30:35+00:00\",\"dateModified\":\"2026-03-11T05:48:06+00:00\",\"breadcrumb\":{\"@id\":\"https:\/\/amatech.com.pl\/sklep\/czesci-zamienne\/olej-silnikowy-akcela-unitek-10w-40-opakowanie-20l\/#breadcrumb\"},\"inLanguage\":\"pl-PL\",\"potentialAction\":[{\"@type\":\"ReadAction\",\"target\":[\"https:\/\/amatech.com.pl\/sklep\/czesci-zamienne\/olej-silnikowy-akcela-unitek-10w-40-opakowanie-20l\/\"]}]},{\"@type\":\"ImageObject\",\"inLanguage\":\"pl-PL\",\"@id\":\"https:\/\/amatech.com.pl\/sklep\/czesci-zamienne\/olej-silnikowy-akcela-unitek-10w-40-opakowanie-20l\/#primaryimage\",\"url\":\"https:\/\/amatech.com.pl\/sklep\/wp-content\/uploads\/2024\/01\/OLEJ-SILNIKOWY-AKCELA-UNITEK-10W-40-OPAKOWANIE-20L.png\",\"contentUrl\":\"https:\/\/amatech.com.pl\/sklep\/wp-content\/uploads\/2024\/01\/OLEJ-SILNIKOWY-AKCELA-UNITEK-10W-40-OPAKOWANIE-20L.png\",\"width\":458,\"height\":519,\"caption\":\"OLEJ SILNIKOWY AKCELA UNITEK 10W-40 OPAKOWANIE 20L\"},{\"@type\":\"BreadcrumbList\",\"@id\":\"https:\/\/amatech.com.pl\/sklep\/czesci-zamienne\/olej-silnikowy-akcela-unitek-10w-40-opakowanie-20l\/#breadcrumb\",\"itemListElement\":[{\"@type\":\"ListItem\",\"position\":1,\"name\":\"Strona g\u0142\u00f3wna\",\"item\":\"https:\/\/amatech.com.pl\/sklep\/\"},{\"@type\":\"ListItem\",\"position\":2,\"name\":\"Sklep\",\"item\":\"https:\/\/amatech.com.pl\/sklep\/\"},{\"@type\":\"ListItem\",\"position\":3,\"name\":\"OLEJ SILNIKOWY AKCELA UNITEK 10W-40 OPAKOWANIE 20L\"}]},{\"@type\":\"WebSite\",\"@id\":\"https:\/\/amatech.com.pl\/sklep\/#website\",\"url\":\"https:\/\/amatech.com.pl\/sklep\/\",\"name\":\"AMATECH - Maszyny rolnicze, cz\u0119\u015bci zamienne, serwis\",\"description\":\"AMATECH - Jaros\u0142aw Pozna\u0144ski - Zajmujemy si\u0119 sprzeda\u017c\u0105 maszyn i urz\u0105dze\u0144 rolniczych budowlanych oraz oryginalnych cz\u0119\u015bci zamiennych. Sklep on-line.\",\"publisher\":{\"@id\":\"https:\/\/amatech.com.pl\/sklep\/#organization\"},\"potentialAction\":[{\"@type\":\"SearchAction\",\"target\":{\"@type\":\"EntryPoint\",\"urlTemplate\":\"https:\/\/amatech.com.pl\/sklep\/?s={search_term_string}\"},\"query-input\":{\"@type\":\"PropertyValueSpecification\",\"valueRequired\":true,\"valueName\":\"search_term_string\"}}],\"inLanguage\":\"pl-PL\"},{\"@type\":\"Organization\",\"@id\":\"https:\/\/amatech.com.pl\/sklep\/#organization\",\"name\":\"AMATECH - Maszyny rolnicze, cz\u0119\u015bci zamienne, amazone, krone\",\"url\":\"https:\/\/amatech.com.pl\/sklep\/\",\"logo\":{\"@type\":\"ImageObject\",\"inLanguage\":\"pl-PL\",\"@id\":\"https:\/\/amatech.com.pl\/sklep\/#\/schema\/logo\/image\/\",\"url\":\"https:\/\/amatech.com.pl\/sklep\/wp-content\/uploads\/2021\/11\/amatech-logo.png\",\"contentUrl\":\"https:\/\/amatech.com.pl\/sklep\/wp-content\/uploads\/2021\/11\/amatech-logo.png\",\"width\":266,\"height\":57,\"caption\":\"AMATECH - Maszyny rolnicze, cz\u0119\u015bci zamienne, amazone, krone\"},\"image\":{\"@id\":\"https:\/\/amatech.com.pl\/sklep\/#\/schema\/logo\/image\/\"},\"sameAs\":[\"https:\/\/www.facebook.com\/amatech.poznanski\/\"]}]}<\/script>\n<!-- \/ Yoast SEO plugin. -->","yoast_head_json":{"title":"OLEJ SILNIKOWY AKCELA UNITEK 10W-40 OPAKOWANIE 20L - AMATECH - Maszyny rolnicze, cz\u0119\u015bci zamienne, serwis","robots":{"index":"index","follow":"follow","max-snippet":"max-snippet:-1","max-image-preview":"max-image-preview:large","max-video-preview":"max-video-preview:-1"},"canonical":"https:\/\/amatech.com.pl\/sklep\/czesci-zamienne\/olej-silnikowy-akcela-unitek-10w-40-opakowanie-20l\/","og_locale":"pl_PL","og_type":"article","og_title":"OLEJ SILNIKOWY AKCELA UNITEK 10W-40 OPAKOWANIE 20L - AMATECH - Maszyny rolnicze, cz\u0119\u015bci zamienne, serwis","og_description":"Akcela UNITEK to syntetyczny olej silnikowy opracowany we wsp\u00f3\u0142pracy z CASE \/ CASE IH i FPT do silnik\u00f3w Tier4 Interim \/ Stage IIIB i Tier4 Final \/ Stage IV wyposa\u017conych w uk\u0142ad HI-eSCR, wtrysk Common Rail, filtr cz\u0105stek sta\u0142ych i turbin\u0119 o zmiennej geometrii.\u00a0Jego formu\u0142a Low SAPS zapewnia wysok\u0105 ochron\u0119 filtra cz\u0105stek sta\u0142ych przed pozosta\u0142o\u015bciami...","og_url":"https:\/\/amatech.com.pl\/sklep\/czesci-zamienne\/olej-silnikowy-akcela-unitek-10w-40-opakowanie-20l\/","og_site_name":"AMATECH - Maszyny rolnicze, cz\u0119\u015bci zamienne, serwis","article_publisher":"https:\/\/www.facebook.com\/amatech.poznanski\/","article_modified_time":"2026-03-11T05:48:06+00:00","og_image":[{"width":458,"height":519,"url":"https:\/\/amatech.com.pl\/sklep\/wp-content\/uploads\/2024\/01\/OLEJ-SILNIKOWY-AKCELA-UNITEK-10W-40-OPAKOWANIE-20L.png","type":"image\/png"}],"twitter_card":"summary_large_image","twitter_misc":{"Szacowany czas czytania":"1 minuta"},"schema":{"@context":"https:\/\/schema.org","@graph":[{"@type":"WebPage","@id":"https:\/\/amatech.com.pl\/sklep\/czesci-zamienne\/olej-silnikowy-akcela-unitek-10w-40-opakowanie-20l\/","url":"https:\/\/amatech.com.pl\/sklep\/czesci-zamienne\/olej-silnikowy-akcela-unitek-10w-40-opakowanie-20l\/","name":"OLEJ SILNIKOWY AKCELA UNITEK 10W-40 OPAKOWANIE 20L - AMATECH - Maszyny rolnicze, cz\u0119\u015bci zamienne, serwis","isPartOf":{"@id":"https:\/\/amatech.com.pl\/sklep\/#website"},"primaryImageOfPage":{"@id":"https:\/\/amatech.com.pl\/sklep\/czesci-zamienne\/olej-silnikowy-akcela-unitek-10w-40-opakowanie-20l\/#primaryimage"},"image":{"@id":"https:\/\/amatech.com.pl\/sklep\/czesci-zamienne\/olej-silnikowy-akcela-unitek-10w-40-opakowanie-20l\/#primaryimage"},"thumbnailUrl":"https:\/\/amatech.com.pl\/sklep\/wp-content\/uploads\/2024\/01\/OLEJ-SILNIKOWY-AKCELA-UNITEK-10W-40-OPAKOWANIE-20L.png","datePublished":"2024-01-04T11:30:35+00:00","dateModified":"2026-03-11T05:48:06+00:00","breadcrumb":{"@id":"https:\/\/amatech.com.pl\/sklep\/czesci-zamienne\/olej-silnikowy-akcela-unitek-10w-40-opakowanie-20l\/#breadcrumb"},"inLanguage":"pl-PL","potentialAction":[{"@type":"ReadAction","target":["https:\/\/amatech.com.pl\/sklep\/czesci-zamienne\/olej-silnikowy-akcela-unitek-10w-40-opakowanie-20l\/"]}]},{"@type":"ImageObject","inLanguage":"pl-PL","@id":"https:\/\/amatech.com.pl\/sklep\/czesci-zamienne\/olej-silnikowy-akcela-unitek-10w-40-opakowanie-20l\/#primaryimage","url":"https:\/\/amatech.com.pl\/sklep\/wp-content\/uploads\/2024\/01\/OLEJ-SILNIKOWY-AKCELA-UNITEK-10W-40-OPAKOWANIE-20L.png","contentUrl":"https:\/\/amatech.com.pl\/sklep\/wp-content\/uploads\/2024\/01\/OLEJ-SILNIKOWY-AKCELA-UNITEK-10W-40-OPAKOWANIE-20L.png","width":458,"height":519,"caption":"OLEJ SILNIKOWY AKCELA UNITEK 10W-40 OPAKOWANIE 20L"},{"@type":"BreadcrumbList","@id":"https:\/\/amatech.com.pl\/sklep\/czesci-zamienne\/olej-silnikowy-akcela-unitek-10w-40-opakowanie-20l\/#breadcrumb","itemListElement":[{"@type":"ListItem","position":1,"name":"Strona g\u0142\u00f3wna","item":"https:\/\/amatech.com.pl\/sklep\/"},{"@type":"ListItem","position":2,"name":"Sklep","item":"https:\/\/amatech.com.pl\/sklep\/"},{"@type":"ListItem","position":3,"name":"OLEJ SILNIKOWY AKCELA UNITEK 10W-40 OPAKOWANIE 20L"}]},{"@type":"WebSite","@id":"https:\/\/amatech.com.pl\/sklep\/#website","url":"https:\/\/amatech.com.pl\/sklep\/","name":"AMATECH - Maszyny rolnicze, cz\u0119\u015bci zamienne, serwis","description":"AMATECH - Jaros\u0142aw Pozna\u0144ski - Zajmujemy si\u0119 sprzeda\u017c\u0105 maszyn i urz\u0105dze\u0144 rolniczych budowlanych oraz oryginalnych cz\u0119\u015bci zamiennych. Sklep on-line.","publisher":{"@id":"https:\/\/amatech.com.pl\/sklep\/#organization"},"potentialAction":[{"@type":"SearchAction","target":{"@type":"EntryPoint","urlTemplate":"https:\/\/amatech.com.pl\/sklep\/?s={search_term_string}"},"query-input":{"@type":"PropertyValueSpecification","valueRequired":true,"valueName":"search_term_string"}}],"inLanguage":"pl-PL"},{"@type":"Organization","@id":"https:\/\/amatech.com.pl\/sklep\/#organization","name":"AMATECH - Maszyny rolnicze, cz\u0119\u015bci zamienne, amazone, krone","url":"https:\/\/amatech.com.pl\/sklep\/","logo":{"@type":"ImageObject","inLanguage":"pl-PL","@id":"https:\/\/amatech.com.pl\/sklep\/#\/schema\/logo\/image\/","url":"https:\/\/amatech.com.pl\/sklep\/wp-content\/uploads\/2021\/11\/amatech-logo.png","contentUrl":"https:\/\/amatech.com.pl\/sklep\/wp-content\/uploads\/2021\/11\/amatech-logo.png","width":266,"height":57,"caption":"AMATECH - Maszyny rolnicze, cz\u0119\u015bci zamienne, amazone, krone"},"image":{"@id":"https:\/\/amatech.com.pl\/sklep\/#\/schema\/logo\/image\/"},"sameAs":["https:\/\/www.facebook.com\/amatech.poznanski\/"]}]}},"_links":{"self":[{"href":"https:\/\/amatech.com.pl\/sklep\/wp-json\/wp\/v2\/product\/16206"}],"collection":[{"href":"https:\/\/amatech.com.pl\/sklep\/wp-json\/wp\/v2\/product"}],"about":[{"href":"https:\/\/amatech.com.pl\/sklep\/wp-json\/wp\/v2\/types\/product"}],"wp:featuredmedia":[{"embeddable":true,"href":"https:\/\/amatech.com.pl\/sklep\/wp-json\/wp\/v2\/media\/16207"}],"wp:attachment":[{"href":"https:\/\/amatech.com.pl\/sklep\/wp-json\/wp\/v2\/media?parent=16206"}],"wp:term":[{"taxonomy":"product_cat","embeddable":true,"href":"https:\/\/amatech.com.pl\/sklep\/wp-json\/wp\/v2\/product_cat?post=16206"},{"taxonomy":"product_tag","embeddable":true,"href":"https:\/\/amatech.com.pl\/sklep\/wp-json\/wp\/v2\/product_tag?post=16206"}],"curies":[{"name":"wp","href":"https:\/\/api.w.org\/{rel}","templated":true}]}}