{"id":16363,"date":"2024-01-30T13:51:23","date_gmt":"2024-01-30T12:51:23","guid":{"rendered":"https:\/\/amatech.com.pl\/sklep\/czesci-zamienne\/olej-hydrauliczny-tutela-hydrosystem-46-aw-op-20l\/"},"modified":"2026-03-11T06:48:06","modified_gmt":"2026-03-11T05:48:06","slug":"olej-hydrauliczny-tutela-hydrosystem-46-aw-op-20l","status":"publish","type":"product","link":"https:\/\/amatech.com.pl\/sklep\/czesci-zamienne\/olej-hydrauliczny-tutela-hydrosystem-46-aw-op-20l\/","title":{"rendered":"OLEJ HYDRAULICZNY TUTELA HYDROSYSTEM 46 AW OP. 20L"},"content":{"rendered":"<h2>Tutela HYDROSYSTEM 46<\/h2>\n<p>do uk\u0142ad\u00f3w hydraulicznych w maszynach rolniczych i budowlanych.<\/p>\n<p>Olej o wysokim wska\u017aniku lepko\u015bci do uk\u0142ad\u00f3w hydraulicznych i hydrostatycznych.<\/p>\n","protected":false},"excerpt":{"rendered":"<p>Tutela HYDROSYSTEM 46 do uk\u0142ad\u00f3w hydraulicznych w maszynach rolniczych i budowlanych. Olej o wysokim wska\u017aniku lepko\u015bci do uk\u0142ad\u00f3w hydraulicznych i hydrostatycznych.<\/p>\n","protected":false},"featured_media":16364,"template":"","meta":{"_kad_post_transparent":"default","_kad_post_title":"","_kad_post_layout":"default","_kad_post_sidebar_id":"","_kad_post_content_style":"default","_kad_post_vertical_padding":"default","_kad_post_feature":"","_kad_post_feature_position":"","_kad_post_header":false,"_kad_post_footer":false},"product_cat":[332,281,333,289,330],"product_tag":[],"class_list":{"0":"post-16363","1":"product","2":"type-product","3":"status-publish","4":"has-post-thumbnail","6":"product_cat-case-ciagniki-rolnicze","7":"product_cat-ciagniki-rolnicze","8":"product_cat-new-holland-ciagniki-rolnicze","9":"product_cat-sklep-internetowy","10":"product_cat-steyr","12":"first","13":"instock","14":"taxable","15":"shipping-taxable","16":"purchasable","17":"product-type-simple","18":"entry","19":"content-bg","20":"loop-entry"},"yoast_head":"<!-- This site is optimized with the Yoast SEO plugin v24.9 - https:\/\/yoast.com\/wordpress\/plugins\/seo\/ -->\n<title>OLEJ HYDRAULICZNY TUTELA HYDROSYSTEM 46 AW OP. 20L - AMATECH - Maszyny rolnicze, cz\u0119\u015bci zamienne, serwis<\/title>\n<meta name=\"robots\" content=\"index, follow, max-snippet:-1, max-image-preview:large, max-video-preview:-1\" \/>\n<link rel=\"canonical\" href=\"https:\/\/amatech.com.pl\/sklep\/czesci-zamienne\/olej-hydrauliczny-tutela-hydrosystem-46-aw-op-20l\/\" \/>\n<meta property=\"og:locale\" content=\"pl_PL\" \/>\n<meta property=\"og:type\" content=\"article\" \/>\n<meta property=\"og:title\" content=\"OLEJ HYDRAULICZNY TUTELA HYDROSYSTEM 46 AW OP. 20L - AMATECH - Maszyny rolnicze, cz\u0119\u015bci zamienne, serwis\" \/>\n<meta property=\"og:description\" content=\"Tutela HYDROSYSTEM 46 do uk\u0142ad\u00f3w hydraulicznych w maszynach rolniczych i budowlanych. Olej o wysokim wska\u017aniku lepko\u015bci do uk\u0142ad\u00f3w hydraulicznych i hydrostatycznych.\" \/>\n<meta property=\"og:url\" content=\"https:\/\/amatech.com.pl\/sklep\/czesci-zamienne\/olej-hydrauliczny-tutela-hydrosystem-46-aw-op-20l\/\" \/>\n<meta property=\"og:site_name\" content=\"AMATECH - Maszyny rolnicze, cz\u0119\u015bci zamienne, serwis\" \/>\n<meta property=\"article:publisher\" content=\"https:\/\/www.facebook.com\/amatech.poznanski\/\" \/>\n<meta property=\"article:modified_time\" content=\"2026-03-11T05:48:06+00:00\" \/>\n<meta property=\"og:image\" content=\"https:\/\/amatech.com.pl\/sklep\/wp-content\/uploads\/2024\/01\/OLEJ-HYDRAULICZNY-TUTELA-HYDROSYSTEM-46-AW-OP.-20L.png\" \/>\n\t<meta property=\"og:image:width\" content=\"411\" \/>\n\t<meta property=\"og:image:height\" content=\"485\" \/>\n\t<meta property=\"og:image:type\" content=\"image\/png\" \/>\n<meta name=\"twitter:card\" content=\"summary_large_image\" \/>\n<meta name=\"twitter:label1\" content=\"Szacowany czas czytania\" \/>\n\t<meta name=\"twitter:data1\" content=\"1 minuta\" \/>\n<script type=\"application\/ld+json\" class=\"yoast-schema-graph\">{\"@context\":\"https:\/\/schema.org\",\"@graph\":[{\"@type\":\"WebPage\",\"@id\":\"https:\/\/amatech.com.pl\/sklep\/czesci-zamienne\/olej-hydrauliczny-tutela-hydrosystem-46-aw-op-20l\/\",\"url\":\"https:\/\/amatech.com.pl\/sklep\/czesci-zamienne\/olej-hydrauliczny-tutela-hydrosystem-46-aw-op-20l\/\",\"name\":\"OLEJ HYDRAULICZNY TUTELA HYDROSYSTEM 46 AW OP. 20L - AMATECH - Maszyny rolnicze, cz\u0119\u015bci zamienne, serwis\",\"isPartOf\":{\"@id\":\"https:\/\/amatech.com.pl\/sklep\/#website\"},\"primaryImageOfPage\":{\"@id\":\"https:\/\/amatech.com.pl\/sklep\/czesci-zamienne\/olej-hydrauliczny-tutela-hydrosystem-46-aw-op-20l\/#primaryimage\"},\"image\":{\"@id\":\"https:\/\/amatech.com.pl\/sklep\/czesci-zamienne\/olej-hydrauliczny-tutela-hydrosystem-46-aw-op-20l\/#primaryimage\"},\"thumbnailUrl\":\"https:\/\/amatech.com.pl\/sklep\/wp-content\/uploads\/2024\/01\/OLEJ-HYDRAULICZNY-TUTELA-HYDROSYSTEM-46-AW-OP.-20L.png\",\"datePublished\":\"2024-01-30T12:51:23+00:00\",\"dateModified\":\"2026-03-11T05:48:06+00:00\",\"breadcrumb\":{\"@id\":\"https:\/\/amatech.com.pl\/sklep\/czesci-zamienne\/olej-hydrauliczny-tutela-hydrosystem-46-aw-op-20l\/#breadcrumb\"},\"inLanguage\":\"pl-PL\",\"potentialAction\":[{\"@type\":\"ReadAction\",\"target\":[\"https:\/\/amatech.com.pl\/sklep\/czesci-zamienne\/olej-hydrauliczny-tutela-hydrosystem-46-aw-op-20l\/\"]}]},{\"@type\":\"ImageObject\",\"inLanguage\":\"pl-PL\",\"@id\":\"https:\/\/amatech.com.pl\/sklep\/czesci-zamienne\/olej-hydrauliczny-tutela-hydrosystem-46-aw-op-20l\/#primaryimage\",\"url\":\"https:\/\/amatech.com.pl\/sklep\/wp-content\/uploads\/2024\/01\/OLEJ-HYDRAULICZNY-TUTELA-HYDROSYSTEM-46-AW-OP.-20L.png\",\"contentUrl\":\"https:\/\/amatech.com.pl\/sklep\/wp-content\/uploads\/2024\/01\/OLEJ-HYDRAULICZNY-TUTELA-HYDROSYSTEM-46-AW-OP.-20L.png\",\"width\":411,\"height\":485,\"caption\":\"OLEJ HYDRAULICZNY TUTELA HYDROSYSTEM 46 AW OP. 20L\"},{\"@type\":\"BreadcrumbList\",\"@id\":\"https:\/\/amatech.com.pl\/sklep\/czesci-zamienne\/olej-hydrauliczny-tutela-hydrosystem-46-aw-op-20l\/#breadcrumb\",\"itemListElement\":[{\"@type\":\"ListItem\",\"position\":1,\"name\":\"Strona g\u0142\u00f3wna\",\"item\":\"https:\/\/amatech.com.pl\/sklep\/\"},{\"@type\":\"ListItem\",\"position\":2,\"name\":\"Sklep\",\"item\":\"https:\/\/amatech.com.pl\/sklep\/\"},{\"@type\":\"ListItem\",\"position\":3,\"name\":\"OLEJ HYDRAULICZNY TUTELA HYDROSYSTEM 46 AW OP. 20L\"}]},{\"@type\":\"WebSite\",\"@id\":\"https:\/\/amatech.com.pl\/sklep\/#website\",\"url\":\"https:\/\/amatech.com.pl\/sklep\/\",\"name\":\"AMATECH - Maszyny rolnicze, cz\u0119\u015bci zamienne, serwis\",\"description\":\"AMATECH - Jaros\u0142aw Pozna\u0144ski - Zajmujemy si\u0119 sprzeda\u017c\u0105 maszyn i urz\u0105dze\u0144 rolniczych budowlanych oraz oryginalnych cz\u0119\u015bci zamiennych. Sklep on-line.\",\"publisher\":{\"@id\":\"https:\/\/amatech.com.pl\/sklep\/#organization\"},\"potentialAction\":[{\"@type\":\"SearchAction\",\"target\":{\"@type\":\"EntryPoint\",\"urlTemplate\":\"https:\/\/amatech.com.pl\/sklep\/?s={search_term_string}\"},\"query-input\":{\"@type\":\"PropertyValueSpecification\",\"valueRequired\":true,\"valueName\":\"search_term_string\"}}],\"inLanguage\":\"pl-PL\"},{\"@type\":\"Organization\",\"@id\":\"https:\/\/amatech.com.pl\/sklep\/#organization\",\"name\":\"AMATECH - Maszyny rolnicze, cz\u0119\u015bci zamienne, amazone, krone\",\"url\":\"https:\/\/amatech.com.pl\/sklep\/\",\"logo\":{\"@type\":\"ImageObject\",\"inLanguage\":\"pl-PL\",\"@id\":\"https:\/\/amatech.com.pl\/sklep\/#\/schema\/logo\/image\/\",\"url\":\"https:\/\/amatech.com.pl\/sklep\/wp-content\/uploads\/2021\/11\/amatech-logo.png\",\"contentUrl\":\"https:\/\/amatech.com.pl\/sklep\/wp-content\/uploads\/2021\/11\/amatech-logo.png\",\"width\":266,\"height\":57,\"caption\":\"AMATECH - Maszyny rolnicze, cz\u0119\u015bci zamienne, amazone, krone\"},\"image\":{\"@id\":\"https:\/\/amatech.com.pl\/sklep\/#\/schema\/logo\/image\/\"},\"sameAs\":[\"https:\/\/www.facebook.com\/amatech.poznanski\/\"]}]}<\/script>\n<!-- \/ Yoast SEO plugin. -->","yoast_head_json":{"title":"OLEJ HYDRAULICZNY TUTELA HYDROSYSTEM 46 AW OP. 20L - AMATECH - Maszyny rolnicze, cz\u0119\u015bci zamienne, serwis","robots":{"index":"index","follow":"follow","max-snippet":"max-snippet:-1","max-image-preview":"max-image-preview:large","max-video-preview":"max-video-preview:-1"},"canonical":"https:\/\/amatech.com.pl\/sklep\/czesci-zamienne\/olej-hydrauliczny-tutela-hydrosystem-46-aw-op-20l\/","og_locale":"pl_PL","og_type":"article","og_title":"OLEJ HYDRAULICZNY TUTELA HYDROSYSTEM 46 AW OP. 20L - AMATECH - Maszyny rolnicze, cz\u0119\u015bci zamienne, serwis","og_description":"Tutela HYDROSYSTEM 46 do uk\u0142ad\u00f3w hydraulicznych w maszynach rolniczych i budowlanych. Olej o wysokim wska\u017aniku lepko\u015bci do uk\u0142ad\u00f3w hydraulicznych i hydrostatycznych.","og_url":"https:\/\/amatech.com.pl\/sklep\/czesci-zamienne\/olej-hydrauliczny-tutela-hydrosystem-46-aw-op-20l\/","og_site_name":"AMATECH - Maszyny rolnicze, cz\u0119\u015bci zamienne, serwis","article_publisher":"https:\/\/www.facebook.com\/amatech.poznanski\/","article_modified_time":"2026-03-11T05:48:06+00:00","og_image":[{"width":411,"height":485,"url":"https:\/\/amatech.com.pl\/sklep\/wp-content\/uploads\/2024\/01\/OLEJ-HYDRAULICZNY-TUTELA-HYDROSYSTEM-46-AW-OP.-20L.png","type":"image\/png"}],"twitter_card":"summary_large_image","twitter_misc":{"Szacowany czas czytania":"1 minuta"},"schema":{"@context":"https:\/\/schema.org","@graph":[{"@type":"WebPage","@id":"https:\/\/amatech.com.pl\/sklep\/czesci-zamienne\/olej-hydrauliczny-tutela-hydrosystem-46-aw-op-20l\/","url":"https:\/\/amatech.com.pl\/sklep\/czesci-zamienne\/olej-hydrauliczny-tutela-hydrosystem-46-aw-op-20l\/","name":"OLEJ HYDRAULICZNY TUTELA HYDROSYSTEM 46 AW OP. 20L - AMATECH - Maszyny rolnicze, cz\u0119\u015bci zamienne, serwis","isPartOf":{"@id":"https:\/\/amatech.com.pl\/sklep\/#website"},"primaryImageOfPage":{"@id":"https:\/\/amatech.com.pl\/sklep\/czesci-zamienne\/olej-hydrauliczny-tutela-hydrosystem-46-aw-op-20l\/#primaryimage"},"image":{"@id":"https:\/\/amatech.com.pl\/sklep\/czesci-zamienne\/olej-hydrauliczny-tutela-hydrosystem-46-aw-op-20l\/#primaryimage"},"thumbnailUrl":"https:\/\/amatech.com.pl\/sklep\/wp-content\/uploads\/2024\/01\/OLEJ-HYDRAULICZNY-TUTELA-HYDROSYSTEM-46-AW-OP.-20L.png","datePublished":"2024-01-30T12:51:23+00:00","dateModified":"2026-03-11T05:48:06+00:00","breadcrumb":{"@id":"https:\/\/amatech.com.pl\/sklep\/czesci-zamienne\/olej-hydrauliczny-tutela-hydrosystem-46-aw-op-20l\/#breadcrumb"},"inLanguage":"pl-PL","potentialAction":[{"@type":"ReadAction","target":["https:\/\/amatech.com.pl\/sklep\/czesci-zamienne\/olej-hydrauliczny-tutela-hydrosystem-46-aw-op-20l\/"]}]},{"@type":"ImageObject","inLanguage":"pl-PL","@id":"https:\/\/amatech.com.pl\/sklep\/czesci-zamienne\/olej-hydrauliczny-tutela-hydrosystem-46-aw-op-20l\/#primaryimage","url":"https:\/\/amatech.com.pl\/sklep\/wp-content\/uploads\/2024\/01\/OLEJ-HYDRAULICZNY-TUTELA-HYDROSYSTEM-46-AW-OP.-20L.png","contentUrl":"https:\/\/amatech.com.pl\/sklep\/wp-content\/uploads\/2024\/01\/OLEJ-HYDRAULICZNY-TUTELA-HYDROSYSTEM-46-AW-OP.-20L.png","width":411,"height":485,"caption":"OLEJ HYDRAULICZNY TUTELA HYDROSYSTEM 46 AW OP. 20L"},{"@type":"BreadcrumbList","@id":"https:\/\/amatech.com.pl\/sklep\/czesci-zamienne\/olej-hydrauliczny-tutela-hydrosystem-46-aw-op-20l\/#breadcrumb","itemListElement":[{"@type":"ListItem","position":1,"name":"Strona g\u0142\u00f3wna","item":"https:\/\/amatech.com.pl\/sklep\/"},{"@type":"ListItem","position":2,"name":"Sklep","item":"https:\/\/amatech.com.pl\/sklep\/"},{"@type":"ListItem","position":3,"name":"OLEJ HYDRAULICZNY TUTELA HYDROSYSTEM 46 AW OP. 20L"}]},{"@type":"WebSite","@id":"https:\/\/amatech.com.pl\/sklep\/#website","url":"https:\/\/amatech.com.pl\/sklep\/","name":"AMATECH - Maszyny rolnicze, cz\u0119\u015bci zamienne, serwis","description":"AMATECH - Jaros\u0142aw Pozna\u0144ski - Zajmujemy si\u0119 sprzeda\u017c\u0105 maszyn i urz\u0105dze\u0144 rolniczych budowlanych oraz oryginalnych cz\u0119\u015bci zamiennych. Sklep on-line.","publisher":{"@id":"https:\/\/amatech.com.pl\/sklep\/#organization"},"potentialAction":[{"@type":"SearchAction","target":{"@type":"EntryPoint","urlTemplate":"https:\/\/amatech.com.pl\/sklep\/?s={search_term_string}"},"query-input":{"@type":"PropertyValueSpecification","valueRequired":true,"valueName":"search_term_string"}}],"inLanguage":"pl-PL"},{"@type":"Organization","@id":"https:\/\/amatech.com.pl\/sklep\/#organization","name":"AMATECH - Maszyny rolnicze, cz\u0119\u015bci zamienne, amazone, krone","url":"https:\/\/amatech.com.pl\/sklep\/","logo":{"@type":"ImageObject","inLanguage":"pl-PL","@id":"https:\/\/amatech.com.pl\/sklep\/#\/schema\/logo\/image\/","url":"https:\/\/amatech.com.pl\/sklep\/wp-content\/uploads\/2021\/11\/amatech-logo.png","contentUrl":"https:\/\/amatech.com.pl\/sklep\/wp-content\/uploads\/2021\/11\/amatech-logo.png","width":266,"height":57,"caption":"AMATECH - Maszyny rolnicze, cz\u0119\u015bci zamienne, amazone, krone"},"image":{"@id":"https:\/\/amatech.com.pl\/sklep\/#\/schema\/logo\/image\/"},"sameAs":["https:\/\/www.facebook.com\/amatech.poznanski\/"]}]}},"_links":{"self":[{"href":"https:\/\/amatech.com.pl\/sklep\/wp-json\/wp\/v2\/product\/16363"}],"collection":[{"href":"https:\/\/amatech.com.pl\/sklep\/wp-json\/wp\/v2\/product"}],"about":[{"href":"https:\/\/amatech.com.pl\/sklep\/wp-json\/wp\/v2\/types\/product"}],"wp:featuredmedia":[{"embeddable":true,"href":"https:\/\/amatech.com.pl\/sklep\/wp-json\/wp\/v2\/media\/16364"}],"wp:attachment":[{"href":"https:\/\/amatech.com.pl\/sklep\/wp-json\/wp\/v2\/media?parent=16363"}],"wp:term":[{"taxonomy":"product_cat","embeddable":true,"href":"https:\/\/amatech.com.pl\/sklep\/wp-json\/wp\/v2\/product_cat?post=16363"},{"taxonomy":"product_tag","embeddable":true,"href":"https:\/\/amatech.com.pl\/sklep\/wp-json\/wp\/v2\/product_tag?post=16363"}],"curies":[{"name":"wp","href":"https:\/\/api.w.org\/{rel}","templated":true}]}}